{"id":32700,"date":"2024-06-03T13:23:23","date_gmt":"2024-06-03T13:23:23","guid":{"rendered":"https:\/\/compass-realestate.hr\/property\/prekrasan-stan-s-parkingom-centar-split-50-00-m2-iznajmljivanje\/"},"modified":"2024-06-03T13:33:53","modified_gmt":"2024-06-03T13:33:53","slug":"prekrasan-stan-s-parkingom-centar-split-50-00-m2-iznajmljivanje","status":"publish","type":"property","link":"https:\/\/compass.hr\/pl\/property\/prekrasan-stan-s-parkingom-centar-split-50-00-m2-iznajmljivanje\/","title":{"rendered":"Pi\u0119kne mieszkanie z parkingiem, centrum: Split, 50,00 m\u00b2 (wynajem)"},"content":{"rendered":"<p>Po\u015bredniczymy w wynajmie pi\u0119knego mieszkania w szerszym centrum miasta. Ma 50 m\u00b2 powierzchni wewn\u0119trznej i 4 m\u00b2 balkonu. Sk\u0142ada si\u0119 z przedpokoju, kuchni, jadalni, salonu, balkonu, \u0142azienki i sypialni. Jest wyposa\u017cone w meble wykonane na zam\u00f3wienie oraz wysokiej jako\u015bci sprz\u0119t AGD. Istnieje r\u00f3wnie\u017c mo\u017cliwo\u015b\u0107 wynaj\u0119cia zewn\u0119trznego miejsca parkingowego za dodatkowe 100 EUR miesi\u0119cznie.<br \/>\nZadzwo\u0144 do nas i um\u00f3w si\u0119 na ogl\u0105danie; + 385 91 607 56 27.<\/p>\n","protected":false},"excerpt":{"rendered":"<p>Po\u015bredniczymy w wynajmie pi\u0119knego mieszkania w szerszym centrum miasta. Ma 50 m\u00b2 powierzchni wewn\u0119trznej i 4 m\u00b2 balkonu. Sk\u0142ada si\u0119 z przedpokoju, kuchni, jadalni, salonu, balkonu, \u0142azienki i sypialni. Jest wyposa\u017cone w meble wykonane na zam\u00f3wienie oraz wysokiej jako\u015bci sprz\u0119t AGD. Istnieje r\u00f3wnie\u017c mo\u017cliwo\u015b\u0107 wynaj\u0119cia zewn\u0119trznego miejsca parkingowego za dodatkowe 100 EUR miesi\u0119cznie. Zadzwo\u0144 do [&hellip;]<\/p>\n","protected":false},"author":3,"featured_media":32658,"parent":0,"menu_order":0,"template":"","property_type":[508],"property_status":[519,523,517],"property_feature":[572,533,579,603,553,559,541,629,565,539,561,543,626,563],"property_label":[],"property_state":[649],"property_city":[670],"property_area":[929],"class_list":["post-32700","property","type-property","status-publish","has-post-thumbnail","hentry","property_type-apartament","property_status-studenci-erasmusa","property_status-wynajem","property_status-wynajem-dlugoterminowy","property_feature-awiofon","property_feature-dodatkowy-system-ogrzewania","property_feature-drzwi-bezpieczenstwa","property_feature-kabina-prysznicowa","property_feature-klimatyzator","property_feature-kuchenka-mikrofalowa","property_feature-lodowka","property_feature-oddzielne-wejscie-do-budynku","property_feature-ogrzewanie-podlogowe","property_feature-plaski-telewizor","property_feature-pralka","property_feature-siec-komputerowa","property_feature-wifi-pl","property_feature-zmywarka","property_state-splitsko-dalmatinska-pl","property_city-split-pl-2","property_area-bol-2-pl"],"property_meta":{"rank_math_analytic_object_id":["942"],"_wpml_word_count":["{\"total\":94,\"to_translate\":{\"cs\":94,\"en\":94,\"de\":94,\"it\":94,\"pl\":94,\"uk\":94}}"],"rank_math_seo_score":["5"],"fave_loggedintoview":["0"],"fave_video_url":["https:\/\/youtube.com\/shorts\/FVscKmOanpc"],"fave_agent_display_option":["author_info"],"fave_prop_homeslider":["no"],"rank_math_internal_links_processed":["1"],"_houzez_expiration_date_status":["saved"],"_wpml_media_duplicate":["1"],"_wpml_media_featured":["1"],"houzez_geolocation_lat":["43.512745"],"houzez_geolocation_long":["16.4521639"],"_thumbnail_id":["32658"],"_edit_lock":["1717421500:3"],"_edit_last":["3"],"fave_property_images":["32660","32639","32569","32653","32667","32646","32674","32681","32688","32576","32625","32618","32632","32583","32604","32611"],"cmplz_hide_cookiebanner":[""],"rank_math_primary_property_type":["0"],"rank_math_primary_property_status":["0"],"rank_math_primary_property_feature":["0"],"rank_math_primary_property_label":["0"],"rank_math_primary_property_state":["0"],"rank_math_primary_property_city":["0"],"rank_math_primary_property_area":["0"],"houzez_manual_expire":["0"],"fave_property_size":["50"],"fave_property_size_prefix":["m2"],"fave_property_bedrooms":["1"],"fave_property_bathrooms":["1"],"fave_property_map":["0"],"fave_property_map_address":["Ma\u017eurani\u0107evo \u0161etali\u0161te, Bol, Split, Grad Split, 21107, Hrvatska"],"fave_property_location":["43.512745,16.4521639,15"],"fave_property_map_street_view":["hide"],"fave_featured":["1"],"houzez_featured_listing_date":["2024-06-03 13:33:53"],"fave_single_top_area":["global"],"fave_single_content_area":["global"],"fave_godina-renoviranja":["2023"],"fave_balkon-loc491a-terasa":["Balkon"],"fave_dostupno-od":["04.06.2024."],"fave_kat":["3."],"fave_ukupni-broj-katova":["3"],"fave_broj-etac5bea":["Jednoeta\u017eni"],"fave_namjec5a1tenost-i-stanje":["Potpuno namje\u0161ten"],"fave_orijentacija":["Zapad"],"fave_parking":["Vanjski nenatkriveni"],"fave_rec5beije":["Samostalno"],"_last_translation_edit_mode":["native-editor"],"houzez_total_property_views":["347"],"houzez_views_by_date":["a:61:{s:10:\"10-10-2025\";i:1;s:10:\"10-13-2025\";i:1;s:10:\"10-15-2025\";i:2;s:10:\"10-18-2025\";i:1;s:10:\"10-19-2025\";i:1;s:10:\"10-26-2025\";i:1;s:10:\"10-30-2025\";i:1;s:10:\"11-09-2025\";i:2;s:10:\"11-10-2025\";i:1;s:10:\"11-13-2025\";i:1;s:10:\"11-15-2025\";i:1;s:10:\"11-17-2025\";i:1;s:10:\"11-23-2025\";i:1;s:10:\"11-24-2025\";i:1;s:10:\"11-26-2025\";i:3;s:10:\"12-03-2025\";i:1;s:10:\"12-07-2025\";i:1;s:10:\"12-11-2025\";i:1;s:10:\"12-12-2025\";i:1;s:10:\"12-17-2025\";i:1;s:10:\"12-18-2025\";i:1;s:10:\"12-22-2025\";i:1;s:10:\"12-27-2025\";i:1;s:10:\"01-02-2026\";i:1;s:10:\"01-06-2026\";i:1;s:10:\"01-07-2026\";i:1;s:10:\"01-08-2026\";i:1;s:10:\"01-10-2026\";i:2;s:10:\"01-14-2026\";i:1;s:10:\"01-20-2026\";i:2;s:10:\"01-25-2026\";i:2;s:10:\"01-27-2026\";i:1;s:10:\"01-30-2026\";i:1;s:10:\"01-31-2026\";i:1;s:10:\"02-05-2026\";i:1;s:10:\"02-07-2026\";i:1;s:10:\"02-09-2026\";i:1;s:10:\"02-12-2026\";i:3;s:10:\"02-14-2026\";i:1;s:10:\"02-17-2026\";i:1;s:10:\"02-20-2026\";i:1;s:10:\"02-22-2026\";i:1;s:10:\"02-25-2026\";i:1;s:10:\"03-04-2026\";i:1;s:10:\"03-09-2026\";i:1;s:10:\"03-10-2026\";i:1;s:10:\"03-15-2026\";i:1;s:10:\"03-16-2026\";i:1;s:10:\"03-19-2026\";i:1;s:10:\"03-22-2026\";i:1;s:10:\"03-28-2026\";i:1;s:10:\"03-29-2026\";i:1;s:10:\"04-03-2026\";i:1;s:10:\"04-10-2026\";i:1;s:10:\"04-12-2026\";i:1;s:10:\"04-16-2026\";i:1;s:10:\"04-18-2026\";i:1;s:10:\"04-19-2026\";i:2;s:10:\"04-25-2026\";i:1;s:10:\"04-30-2026\";i:1;s:10:\"05-01-2026\";i:1;}"],"houzez_recently_viewed":["2026-05-01 09:22:56"],"fave_property_price":["950 EUR"],"fave_agencijska-provizija":["950 EUR"]},"_links":{"self":[{"href":"https:\/\/compass.hr\/pl\/wp-json\/wp\/v2\/properties\/32700","targetHints":{"allow":["GET"]}}],"collection":[{"href":"https:\/\/compass.hr\/pl\/wp-json\/wp\/v2\/properties"}],"about":[{"href":"https:\/\/compass.hr\/pl\/wp-json\/wp\/v2\/types\/property"}],"author":[{"embeddable":true,"href":"https:\/\/compass.hr\/pl\/wp-json\/wp\/v2\/users\/3"}],"version-history":[{"count":0,"href":"https:\/\/compass.hr\/pl\/wp-json\/wp\/v2\/properties\/32700\/revisions"}],"wp:featuredmedia":[{"embeddable":true,"href":"https:\/\/compass.hr\/pl\/wp-json\/wp\/v2\/media\/32658"}],"wp:attachment":[{"href":"https:\/\/compass.hr\/pl\/wp-json\/wp\/v2\/media?parent=32700"}],"wp:term":[{"taxonomy":"property_type","embeddable":true,"href":"https:\/\/compass.hr\/pl\/wp-json\/wp\/v2\/property_type?post=32700"},{"taxonomy":"property_status","embeddable":true,"href":"https:\/\/compass.hr\/pl\/wp-json\/wp\/v2\/property_status?post=32700"},{"taxonomy":"property_feature","embeddable":true,"href":"https:\/\/compass.hr\/pl\/wp-json\/wp\/v2\/property_feature?post=32700"},{"taxonomy":"property_label","embeddable":true,"href":"https:\/\/compass.hr\/pl\/wp-json\/wp\/v2\/property_label?post=32700"},{"taxonomy":"property_state","embeddable":true,"href":"https:\/\/compass.hr\/pl\/wp-json\/wp\/v2\/property_state?post=32700"},{"taxonomy":"property_city","embeddable":true,"href":"https:\/\/compass.hr\/pl\/wp-json\/wp\/v2\/property_city?post=32700"},{"taxonomy":"property_area","embeddable":true,"href":"https:\/\/compass.hr\/pl\/wp-json\/wp\/v2\/property_area?post=32700"}],"curies":[{"name":"wp","href":"https:\/\/api.w.org\/{rel}","templated":true}]}}

Piękne mieszkanie z parkingiem, centrum: Split, 50,00 m² (wynajem)

<p>Pośredniczymy w wynajmie pięknego mieszkania w szerszym centrum miasta. Ma 50 m² powierzchni wewnętrznej i 4 m² balkonu. Składa się z przedpokoju, kuchni, jadalni, salonu, balkonu, łazienki i sypialni. Jest wyposażone w meble wykonane na zamówienie oraz wysokiej jakości sprzęt AGD. Istnieje również możliwość wynajęcia zewnętrznego miejsca parkingowego za dodatkowe 100 EUR miesięcznie.<br />
Zadzwoń do nas i umów się na oglądanie; + 385 91 607 56 27.</p>

<p>Pośredniczymy w wynajmie pięknego mieszkania w szerszym centrum miasta. Ma 50 m² powierzchni wewnętrznej i 4 m² balkonu. Składa się z przedpokoju, kuchni, jadalni, salonu, balkonu, łazienki i sypialni. Jest wyposażone w meble wykonane na zamówienie oraz wysokiej jakości sprzęt AGD. Istnieje również możliwość wynajęcia zewnętrznego miejsca parkingowego za dodatkowe 100 EUR miesięcznie. Zadzwoń do [&hellip;]</p>

Mažuranićevo šetalište, Bol, Split, Grad Split, 21107, Hrvatska

Jednoetažni

Potpuno namješten
