{"id":27472,"date":"2024-01-15T19:02:28","date_gmt":"2024-01-15T19:02:28","guid":{"rendered":"https:\/\/compass-realestate.hr\/property\/newly-renovated-apartment-in-sucidar-split-29-00-m2-for-rent-2\/"},"modified":"2024-01-17T15:00:40","modified_gmt":"2024-01-17T15:00:40","slug":"newly-renovated-apartment-in-sucidar-split-29-00-m2-for-rent-2","status":"publish","type":"property","link":"https:\/\/compass.hr\/pl\/property\/newly-renovated-apartment-in-sucidar-split-29-00-m2-for-rent-2\/","title":{"rendered":"Pi\u0119kny dom w gaju oliwnym, Stari Grad, Hvar (na sprzeda\u017c)"},"content":{"rendered":"<p>Po\u015bredniczymy w sprzeda\u017cy pi\u0119knego domu po\u0142o\u017conego na ziemi rolnej o \u0142\u0105cznej powierzchni 2309 m2, z 60 drzewami oliwnymi w wieku 20 lat, kt\u00f3re s\u0105 regularnie utrzymywane. Dom o powierzchni 51,32 m2 sk\u0142ada si\u0119 z cz\u0119\u015bci dziennej z kuchni\u0105 i \u0142azienk\u0105 oraz sypialni z oddzielnym wej\u015bciem, wraz z zadaszonym tarasem o powierzchni 33 m2. Wn\u0119trze jest przyjemne i gustownie urz\u0105dzone w stylu \u015br\u00f3dziemnomorskim.<\/p>\n<p>Przy domu znajduje si\u0119 zewn\u0119trzny grill pokryty kamieniem, a na ko\u0144cu gaju oliwnego znajduje si\u0119 domek narz\u0119dziowy o powierzchni 5 m2. Istnieje mo\u017cliwo\u015b\u0107 dobudowy drugiego pi\u0119tra i budowy basenu, wszystko zgodnie z planem przestrzennym miasta Stari Grad. W takim przypadku nieruchomo\u015b\u0107 jest idealna do rozwoju gospodarstwa wiejskiego z us\u0142ugami turystycznymi. Dom jest sklasyfikowany i ma dobrze rozwini\u0119t\u0105 turystyczn\u0105 wynajmu, a tak\u017ce zarejestrowan\u0105 rodzin\u0119 rolnicz\u0105.<\/p>\n<p>Nieruchomo\u015b\u0107 graniczy z Agerem, Stari Grad Plain z czas\u00f3w staro\u017cytnej Grecji, kt\u00f3ry ze wzgl\u0119du na najlepiej zachowan\u0105 podzia\u0142k\u0119 katastraln\u0105 na Morzu \u015ar\u00f3dziemnym, zosta\u0142 w 2008 roku wpisany na list\u0119 \u015bwiatowego dziedzictwa UNESCO. Oznacza to, \u017ce pod t\u0105 dzia\u0142k\u0105 w przysz\u0142o\u015bci nie b\u0119dzie mo\u017cna budowa\u0107 nowych obiekt\u00f3w.<\/p>\n<p>Odleg\u0142o\u015b\u0107 od miasta Stari Grad wynosi 700 m, do pla\u017cy Lanterna 2 km, a port promowy i pla\u017ca Racice s\u0105 oddalone o 2,2 km od nieruchomo\u015bci. Lokalizacja jest doskonale skomunikowana drog\u0105, oferuj\u0105c idealne ucieczk\u0119 w ziele\u0144 oliwnych drzew i naturaln\u0105 oaz\u0119 ze wszystkim, co niezb\u0119dne do niezak\u0142\u00f3conego relaksu i wypoczynku.<\/p>\n<p>Grunt jest pod\u0142\u0105czony do infrastruktury komunalnej (pr\u0105d i woda). W\u0142asno\u015b\u0107 jest uregulowana, a dom i podw\u00f3rko s\u0105 zlegalizowane. Skorzystaj z idealnej okazji na t\u0119 op\u0142acaln\u0105 inwestycj\u0119 i skontaktuj si\u0119 z nami, aby uzyska\u0107 wi\u0119cej szczeg\u00f3\u0142\u00f3w pod numerem +385 91 607 56 27, Maja.<\/p>\n","protected":false},"excerpt":{"rendered":"<p>Po\u015bredniczymy w sprzeda\u017cy pi\u0119knego domu po\u0142o\u017conego na ziemi rolnej o \u0142\u0105cznej powierzchni 2309 m2, z 60 drzewami oliwnymi w wieku 20 lat, kt\u00f3re s\u0105 regularnie utrzymywane. Dom o powierzchni 51,32 m2 sk\u0142ada si\u0119 z cz\u0119\u015bci dziennej z kuchni\u0105 i \u0142azienk\u0105 oraz sypialni z oddzielnym wej\u015bciem, wraz z zadaszonym tarasem o powierzchni 33 m2. Wn\u0119trze jest [&hellip;]<\/p>\n","protected":false},"author":3,"featured_media":27440,"parent":0,"menu_order":0,"template":"","property_type":[500],"property_status":[527],"property_feature":[535,607,549,541,591,629,623,575,539,555,615],"property_label":[1173],"property_state":[649],"property_city":[909],"property_area":[],"class_list":["post-27472","property","type-property","status-publish","has-post-thumbnail","hentry","property_type-dom","property_status-sprzedaz","property_feature-dziedziniec","property_feature-grill-na-swiezym-powietrzu","property_feature-kominek","property_feature-lodowka","property_feature-magazyn-szopa","property_feature-oddzielne-wejscie-do-budynku","property_feature-ogrod","property_feature-piekny-ogrod","property_feature-plaski-telewizor","property_feature-siatki-na-komary","property_feature-wentylacja","property_label-sprzedany","property_state-splitsko-dalmatinska-pl","property_city-stari-grad-pl"],"property_meta":{"rank_math_analytic_object_id":["678"],"_wpml_word_count":["{\"total\":0,\"to_translate\":{\"hr\":2,\"cs\":2,\"en\":2,\"de\":2,\"it\":2,\"pl\":2,\"uk\":2}}"],"rank_math_seo_score":["4"],"fave_property_land":["2309"],"fave_property_land_postfix":["m2"],"_wpml_media_duplicate":["1"],"fave_loggedintoview":["0"],"fave_agent_display_option":["author_info"],"fave_prop_homeslider":["no"],"rank_math_internal_links_processed":["1"],"_houzez_expiration_date_status":["saved"],"_wpml_media_featured":["1"],"_last_translation_edit_mode":["native-editor"],"houzez_geolocation_lat":["43.1906982"],"houzez_geolocation_long":["16.607218402062"],"_thumbnail_id":["27440"],"_edit_lock":["1705503564:3"],"_edit_last":["3"],"fave_property_images":["27358","27365","27372","27386","27337","27442","27435","27428","27421","27309","27379","27414","27407","27316","27393","27323","27344","27400","27351"],"cmplz_hide_cookiebanner":[""],"rank_math_primary_property_type":["0"],"rank_math_primary_property_status":["0"],"rank_math_primary_property_feature":["0"],"rank_math_primary_property_label":["0"],"rank_math_primary_property_state":["0"],"rank_math_primary_property_city":["0"],"rank_math_primary_property_area":["0"],"houzez_manual_expire":["0"],"fave_property_size":["67"],"fave_property_size_prefix":["m2"],"fave_property_bedrooms":["1"],"fave_property_bathrooms":["1"],"fave_property_map":["0"],"fave_property_map_address":["Stari Grad, Grad Stari Grad, 21460, Hrvatska"],"fave_property_location":["43.1906982,16.607218402062,14"],"fave_property_map_street_view":["hide"],"houzez_featured_listing_date":["2025-08-07 17:10:54"],"fave_single_top_area":["global"],"fave_single_content_area":["global"],"fave_balkon-loc491a-terasa":["Terasa"],"fave_kat":["prizemlje"],"fave_tip-stana":["U ku\u0107i"],"fave_agencijska-provizija":["3 %"],"fave_namjec5a1tenost-i-stanje":["Potpuno namje\u0161ten"],"fave_orijentacija":["Jug"],"fave_parking":["Vanjski nenatkriveni"],"houzez_total_property_views":["298"],"houzez_views_by_date":["a:61:{s:10:\"11-09-2025\";i:1;s:10:\"11-10-2025\";i:2;s:10:\"11-13-2025\";i:1;s:10:\"11-15-2025\";i:1;s:10:\"11-16-2025\";i:1;s:10:\"11-17-2025\";i:1;s:10:\"11-21-2025\";i:1;s:10:\"11-22-2025\";i:1;s:10:\"11-25-2025\";i:1;s:10:\"11-26-2025\";i:3;s:10:\"12-03-2025\";i:1;s:10:\"12-07-2025\";i:1;s:10:\"12-11-2025\";i:1;s:10:\"12-17-2025\";i:2;s:10:\"12-22-2025\";i:1;s:10:\"12-25-2025\";i:1;s:10:\"12-28-2025\";i:1;s:10:\"01-02-2026\";i:1;s:10:\"01-03-2026\";i:2;s:10:\"01-05-2026\";i:1;s:10:\"01-06-2026\";i:2;s:10:\"01-09-2026\";i:1;s:10:\"01-14-2026\";i:1;s:10:\"01-15-2026\";i:1;s:10:\"01-16-2026\";i:1;s:10:\"01-19-2026\";i:1;s:10:\"01-20-2026\";i:1;s:10:\"01-21-2026\";i:1;s:10:\"01-25-2026\";i:1;s:10:\"01-27-2026\";i:1;s:10:\"01-31-2026\";i:1;s:10:\"02-02-2026\";i:2;s:10:\"02-04-2026\";i:2;s:10:\"02-05-2026\";i:1;s:10:\"02-06-2026\";i:1;s:10:\"02-07-2026\";i:1;s:10:\"02-09-2026\";i:1;s:10:\"02-12-2026\";i:1;s:10:\"02-13-2026\";i:1;s:10:\"02-15-2026\";i:1;s:10:\"02-16-2026\";i:1;s:10:\"02-21-2026\";i:1;s:10:\"02-26-2026\";i:1;s:10:\"03-05-2026\";i:1;s:10:\"03-08-2026\";i:1;s:10:\"03-11-2026\";i:1;s:10:\"03-17-2026\";i:1;s:10:\"03-18-2026\";i:1;s:10:\"03-23-2026\";i:1;s:10:\"03-28-2026\";i:1;s:10:\"03-30-2026\";i:1;s:10:\"04-03-2026\";i:1;s:10:\"04-05-2026\";i:1;s:10:\"04-11-2026\";i:1;s:10:\"04-16-2026\";i:1;s:10:\"04-18-2026\";i:1;s:10:\"04-19-2026\";i:1;s:10:\"04-20-2026\";i:1;s:10:\"04-21-2026\";i:1;s:10:\"04-23-2026\";i:1;s:10:\"04-24-2026\";i:1;}"],"houzez_recently_viewed":["2026-04-24 22:48:35"],"fave_property_price":["250000 EUR"],"fave_featured":["1"],"fave_dostupno-od":["05.09.2025."],"fave_broj-etac5bea":["Jednoeta\u017eni"]},"_links":{"self":[{"href":"https:\/\/compass.hr\/pl\/wp-json\/wp\/v2\/properties\/27472","targetHints":{"allow":["GET"]}}],"collection":[{"href":"https:\/\/compass.hr\/pl\/wp-json\/wp\/v2\/properties"}],"about":[{"href":"https:\/\/compass.hr\/pl\/wp-json\/wp\/v2\/types\/property"}],"author":[{"embeddable":true,"href":"https:\/\/compass.hr\/pl\/wp-json\/wp\/v2\/users\/3"}],"version-history":[{"count":0,"href":"https:\/\/compass.hr\/pl\/wp-json\/wp\/v2\/properties\/27472\/revisions"}],"wp:featuredmedia":[{"embeddable":true,"href":"https:\/\/compass.hr\/pl\/wp-json\/wp\/v2\/media\/27440"}],"wp:attachment":[{"href":"https:\/\/compass.hr\/pl\/wp-json\/wp\/v2\/media?parent=27472"}],"wp:term":[{"taxonomy":"property_type","embeddable":true,"href":"https:\/\/compass.hr\/pl\/wp-json\/wp\/v2\/property_type?post=27472"},{"taxonomy":"property_status","embeddable":true,"href":"https:\/\/compass.hr\/pl\/wp-json\/wp\/v2\/property_status?post=27472"},{"taxonomy":"property_feature","embeddable":true,"href":"https:\/\/compass.hr\/pl\/wp-json\/wp\/v2\/property_feature?post=27472"},{"taxonomy":"property_label","embeddable":true,"href":"https:\/\/compass.hr\/pl\/wp-json\/wp\/v2\/property_label?post=27472"},{"taxonomy":"property_state","embeddable":true,"href":"https:\/\/compass.hr\/pl\/wp-json\/wp\/v2\/property_state?post=27472"},{"taxonomy":"property_city","embeddable":true,"href":"https:\/\/compass.hr\/pl\/wp-json\/wp\/v2\/property_city?post=27472"},{"taxonomy":"property_area","embeddable":true,"href":"https:\/\/compass.hr\/pl\/wp-json\/wp\/v2\/property_area?post=27472"}],"curies":[{"name":"wp","href":"https:\/\/api.w.org\/{rel}","templated":true}]}}

Piękny dom w gaju oliwnym, Stari Grad, Hvar (na sprzedaż)

<p>Pośredniczymy w sprzedaży pięknego domu położonego na ziemi rolnej o łącznej powierzchni 2309 m2, z 60 drzewami oliwnymi w wieku 20 lat, które są regularnie utrzymywane. Dom o powierzchni 51,32 m2 składa się z części dziennej z kuchnią i łazienką oraz sypialni z oddzielnym wejściem, wraz z zadaszonym tarasem o powierzchni 33 m2. Wnętrze jest przyjemne i gustownie urządzone w stylu śródziemnomorskim.</p>
<p>Przy domu znajduje się zewnętrzny grill pokryty kamieniem, a na końcu gaju oliwnego znajduje się domek narzędziowy o powierzchni 5 m2. Istnieje możliwość dobudowy drugiego piętra i budowy basenu, wszystko zgodnie z planem przestrzennym miasta Stari Grad. W takim przypadku nieruchomość jest idealna do rozwoju gospodarstwa wiejskiego z usługami turystycznymi. Dom jest sklasyfikowany i ma dobrze rozwiniętą turystyczną wynajmu, a także zarejestrowaną rodzinę rolniczą.</p>
<p>Nieruchomość graniczy z Agerem, Stari Grad Plain z czasów starożytnej Grecji, który ze względu na najlepiej zachowaną podziałkę katastralną na Morzu Śródziemnym, został w 2008 roku wpisany na listę światowego dziedzictwa UNESCO. Oznacza to, że pod tą działką w przyszłości nie będzie można budować nowych obiektów.</p>
<p>Odległość od miasta Stari Grad wynosi 700 m, do plaży Lanterna 2 km, a port promowy i plaża Racice są oddalone o 2,2 km od nieruchomości. Lokalizacja jest doskonale skomunikowana drogą, oferując idealne ucieczkę w zieleń oliwnych drzew i naturalną oazę ze wszystkim, co niezbędne do niezakłóconego relaksu i wypoczynku.</p>
<p>Grunt jest podłączony do infrastruktury komunalnej (prąd i woda). Własność jest uregulowana, a dom i podwórko są zlegalizowane. Skorzystaj z idealnej okazji na tę opłacalną inwestycję i skontaktuj się z nami, aby uzyskać więcej szczegółów pod numerem +385 91 607 56 27, Maja.</p>

<p>Pośredniczymy w sprzedaży pięknego domu położonego na ziemi rolnej o łącznej powierzchni 2309 m2, z 60 drzewami oliwnymi w wieku 20 lat, które są regularnie utrzymywane. Dom o powierzchni 51,32 m2 składa się z części dziennej z kuchnią i łazienką oraz sypialni z oddzielnym wejściem, wraz z zadaszonym tarasem o powierzchni 33 m2. Wnętrze jest [&hellip;]</p>

U kući

Potpuno namješten

Jednoetažni
