{"id":53067,"date":"2025-10-15T11:42:38","date_gmt":"2025-10-15T11:42:38","guid":{"rendered":"https:\/\/compass.hr\/property\/dugorocni-zakup-poslovnog-prostora-split-uredski-195-m2\/"},"modified":"2025-10-15T11:48:08","modified_gmt":"2025-10-15T11:48:08","slug":"dugorocni-zakup-poslovnog-prostora-split-uredski-195-m2","status":"publish","type":"property","link":"https:\/\/compass.hr\/it\/property\/dugorocni-zakup-poslovnog-prostora-split-uredski-195-m2\/","title":{"rendered":"Affitto a lungo termine di locale commerciale \u2013 Spalato, ufficio, 195 m\u00b2"},"content":{"rendered":"<p data-start=\"2035\" data-end=\"2581\">Intermediamo l\u2019affitto a lungo termine di un locale commerciale di 195 m\u00b2. Lo spazio comprende un\u2019ampia reception, sette stanze\/uffici separati, un angolo cottura e due servizi igienici. La durata minima del contratto di locazione \u00e8 di cinque anni. Lo spazio \u00e8 adatto per studi medici, filiali, uffici, centri educativi, cliniche e attivit\u00e0 simili. Si trova in una posizione eccellente, vicino alla Contea di Spalato-Dalmazia, linee di autobus e parcheggi pubblici.<\/p>\n<p data-start=\"2583\" data-end=\"2690\">Per ulteriori informazioni e per fissare una visita contattare: Leana, +385 91 638 1492, <a class=\"decorated-link cursor-pointer\" rel=\"noopener\" data-start=\"2672\" data-end=\"2688\">leana@compass.hr<\/a><\/p>\n","protected":false},"excerpt":{"rendered":"<p>Intermediamo l\u2019affitto a lungo termine di un locale commerciale di 195 m\u00b2. Lo spazio comprende un\u2019ampia reception, sette stanze\/uffici separati, un angolo cottura e due servizi igienici. La durata minima del contratto di locazione \u00e8 di cinque anni. Lo spazio \u00e8 adatto per studi medici, filiali, uffici, centri educativi, cliniche e attivit\u00e0 simili. Si trova [&hellip;]<\/p>\n","protected":false},"author":3,"featured_media":53053,"parent":0,"menu_order":0,"template":"","property_type":[762],"property_status":[775,1260],"property_feature":[],"property_label":[],"property_state":[873],"property_city":[908],"property_area":[930,951],"class_list":["post-53067","property","type-property","status-publish","has-post-thumbnail","hentry","property_type-spazio-commerciale","property_status-noleggio-a-lungo-termine","property_status-zakup-it","property_state-splitsko-dalmatinska-it","property_city-split-it","property_area-bol-2-it","property_area-manus-it"],"property_meta":{"rank_math_analytic_object_id":["1816"],"_wpml_word_count":["105"],"_wpml_location_migration_done":["1"],"rank_math_internal_links_processed":["1"],"rank_math_seo_score":["5"],"rank_math_contentai_score":["a:5:{s:8:\"keywords\";s:5:\"74.51\";s:9:\"wordCount\";s:1:\"0\";s:9:\"linkCount\";s:1:\"0\";s:12:\"headingCount\";s:1:\"0\";s:10:\"mediaCount\";s:1:\"0\";}"],"fave_show_price_placeholder":["0"],"fave_loggedintoview":["0"],"fave_agent_display_option":["author_info"],"fave_prop_homeslider":["no"],"_houzez_expiration_date_status":["saved"],"_wpml_media_duplicate":["1"],"_wpml_media_featured":["1"],"_thumbnail_id":["53053"],"_edit_lock":["1760528892:3"],"_edit_last":["3"],"houzez_geolocation_lat":["43.5132398"],"houzez_geolocation_long":["16.443924"],"cmplz_hide_cookiebanner":[""],"rank_math_primary_property_type":["0"],"rank_math_primary_property_status":["0"],"rank_math_primary_property_feature":["0"],"rank_math_primary_property_label":["0"],"rank_math_primary_property_state":["0"],"rank_math_primary_property_city":["0"],"rank_math_primary_property_area":["0"],"houzez_manual_expire":["0"],"houzez_featured_listing_date":[""],"_last_translation_edit_mode":["native-editor"],"fave_property_images":["53049","53035","52916","52923","52930","52937","52944","52951","52958","52965","52972","52979","52986","52993","53000","53007","53014","53021","53028","53042","53056"],"fave_property_price":["4000"],"fave_property_size":["198"],"fave_property_map":["1"],"fave_property_map_address":["Gori\u010dka ulica, Gradski kotar Bol, Split, Grad Split, Splitsko-dalmatinska \u017eupanija, 21106, Hrvatska"],"fave_property_location":["43.5132398,16.443924,15"],"fave_property_map_street_view":["hide"],"fave_featured":["0"],"fave_single_top_area":["global"],"fave_single_content_area":["global"],"fave_toalet":["2"],"fave_dostupno-od":["1.10.2025"],"fave_agencijska-provizija":["4000"],"fave_namjec5a1tenost-i-stanje":["Za renoviranje"],"fave_parking":["Javni"],"houzez_total_property_views":["118"],"houzez_views_by_date":["a:61:{s:10:\"01-25-2026\";i:1;s:10:\"01-29-2026\";i:3;s:10:\"01-30-2026\";i:1;s:10:\"02-02-2026\";i:1;s:10:\"02-03-2026\";i:1;s:10:\"02-05-2026\";i:1;s:10:\"02-08-2026\";i:1;s:10:\"02-09-2026\";i:1;s:10:\"02-10-2026\";i:1;s:10:\"02-12-2026\";i:1;s:10:\"02-13-2026\";i:2;s:10:\"02-14-2026\";i:1;s:10:\"02-16-2026\";i:1;s:10:\"02-17-2026\";i:1;s:10:\"02-18-2026\";i:1;s:10:\"02-19-2026\";i:1;s:10:\"02-21-2026\";i:1;s:10:\"02-22-2026\";i:1;s:10:\"02-23-2026\";i:1;s:10:\"02-24-2026\";i:1;s:10:\"02-26-2026\";i:1;s:10:\"02-27-2026\";i:1;s:10:\"02-28-2026\";i:2;s:10:\"03-02-2026\";i:2;s:10:\"03-04-2026\";i:1;s:10:\"03-06-2026\";i:1;s:10:\"03-07-2026\";i:2;s:10:\"03-09-2026\";i:1;s:10:\"03-10-2026\";i:1;s:10:\"03-12-2026\";i:1;s:10:\"03-13-2026\";i:1;s:10:\"03-15-2026\";i:1;s:10:\"03-16-2026\";i:1;s:10:\"03-17-2026\";i:1;s:10:\"03-22-2026\";i:1;s:10:\"03-24-2026\";i:1;s:10:\"03-25-2026\";i:1;s:10:\"03-26-2026\";i:2;s:10:\"03-28-2026\";i:1;s:10:\"03-29-2026\";i:1;s:10:\"03-30-2026\";i:1;s:10:\"03-31-2026\";i:1;s:10:\"04-03-2026\";i:1;s:10:\"04-04-2026\";i:1;s:10:\"04-05-2026\";i:1;s:10:\"04-06-2026\";i:2;s:10:\"04-07-2026\";i:1;s:10:\"04-08-2026\";i:1;s:10:\"04-10-2026\";i:1;s:10:\"04-14-2026\";i:1;s:10:\"04-15-2026\";i:1;s:10:\"04-17-2026\";i:1;s:10:\"04-18-2026\";i:1;s:10:\"04-19-2026\";i:2;s:10:\"04-20-2026\";i:1;s:10:\"04-22-2026\";i:1;s:10:\"04-24-2026\";i:1;s:10:\"04-26-2026\";i:2;s:10:\"04-27-2026\";i:1;s:10:\"04-29-2026\";i:1;s:10:\"04-30-2026\";i:1;}"],"houzez_recently_viewed":["2026-04-30 18:54:44"]},"_links":{"self":[{"href":"https:\/\/compass.hr\/it\/wp-json\/wp\/v2\/properties\/53067","targetHints":{"allow":["GET"]}}],"collection":[{"href":"https:\/\/compass.hr\/it\/wp-json\/wp\/v2\/properties"}],"about":[{"href":"https:\/\/compass.hr\/it\/wp-json\/wp\/v2\/types\/property"}],"author":[{"embeddable":true,"href":"https:\/\/compass.hr\/it\/wp-json\/wp\/v2\/users\/3"}],"version-history":[{"count":1,"href":"https:\/\/compass.hr\/it\/wp-json\/wp\/v2\/properties\/53067\/revisions"}],"predecessor-version":[{"id":53075,"href":"https:\/\/compass.hr\/it\/wp-json\/wp\/v2\/properties\/53067\/revisions\/53075"}],"wp:featuredmedia":[{"embeddable":true,"href":"https:\/\/compass.hr\/it\/wp-json\/wp\/v2\/media\/53053"}],"wp:attachment":[{"href":"https:\/\/compass.hr\/it\/wp-json\/wp\/v2\/media?parent=53067"}],"wp:term":[{"taxonomy":"property_type","embeddable":true,"href":"https:\/\/compass.hr\/it\/wp-json\/wp\/v2\/property_type?post=53067"},{"taxonomy":"property_status","embeddable":true,"href":"https:\/\/compass.hr\/it\/wp-json\/wp\/v2\/property_status?post=53067"},{"taxonomy":"property_feature","embeddable":true,"href":"https:\/\/compass.hr\/it\/wp-json\/wp\/v2\/property_feature?post=53067"},{"taxonomy":"property_label","embeddable":true,"href":"https:\/\/compass.hr\/it\/wp-json\/wp\/v2\/property_label?post=53067"},{"taxonomy":"property_state","embeddable":true,"href":"https:\/\/compass.hr\/it\/wp-json\/wp\/v2\/property_state?post=53067"},{"taxonomy":"property_city","embeddable":true,"href":"https:\/\/compass.hr\/it\/wp-json\/wp\/v2\/property_city?post=53067"},{"taxonomy":"property_area","embeddable":true,"href":"https:\/\/compass.hr\/it\/wp-json\/wp\/v2\/property_area?post=53067"}],"curies":[{"name":"wp","href":"https:\/\/api.w.org\/{rel}","templated":true}]}}

<p data-start="2035" data-end="2581">Intermediamo l’affitto a lungo termine di un locale commerciale di 195 m². Lo spazio comprende un’ampia reception, sette stanze/uffici separati, un angolo cottura e due servizi igienici. La durata minima del contratto di locazione è di cinque anni. Lo spazio è adatto per studi medici, filiali, uffici, centri educativi, cliniche e attività simili. Si trova in una posizione eccellente, vicino alla Contea di Spalato-Dalmazia, linee di autobus e parcheggi pubblici.</p>
<p data-start="2583" data-end="2690">Per ulteriori informazioni e per fissare una visita contattare: Leana, +385 91 638 1492, <a class="decorated-link cursor-pointer" rel="noopener" data-start="2672" data-end="2688">leana@compass.hr</a></p>

<p>Intermediamo l’affitto a lungo termine di un locale commerciale di 195 m². Lo spazio comprende un’ampia reception, sette stanze/uffici separati, un angolo cottura e due servizi igienici. La durata minima del contratto di locazione è di cinque anni. Lo spazio è adatto per studi medici, filiali, uffici, centri educativi, cliniche e attività simili. Si trova [&hellip;]</p>

Gorička ulica, Gradski kotar Bol, Split, Grad Split, Splitsko-dalmatinska županija, 21106, Hrvatska
