{"id":38242,"date":"2024-12-05T17:50:50","date_gmt":"2024-12-05T17:50:50","guid":{"rendered":"https:\/\/compass-realestate.hr\/property\/prekrasan-trosoban-stan-manus-split-95-00-m2-iznajmljivanje\/"},"modified":"2024-12-05T17:55:34","modified_gmt":"2024-12-05T17:55:34","slug":"prekrasan-trosoban-stan-manus-split-95-00-m2-iznajmljivanje","status":"publish","type":"property","link":"https:\/\/compass.hr\/it\/property\/prekrasan-trosoban-stan-manus-split-95-00-m2-iznajmljivanje\/","title":{"rendered":"Bellissimo Appartamento Trilocale, Manu\u0161, Spalato, 95,00 m\u00b2 (In Affitto)"},"content":{"rendered":"<p>Affittiamo un appartamento bellissimo e spazioso in un edificio residenziale sul Viale Ma\u017eurani\u0107.<br \/>\nL&#8217;appartamento \u00e8 composto da un ampio corridoio, tre camere da letto, un bagno, un soggiorno, una cucina, una sala da pranzo e due logge. Si trova in una posizione eccellente, vicino a tutti i servizi necessari per la vita quotidiana \u2013 scuole, asili e negozi, mentre il centro storico dista solo 10 minuti a piedi.<br \/>\nL&#8217;appartamento \u00e8 completamente arredato e attrezzato, pieno di luce naturale, caldo in inverno ed \u00e8 ideale per lavorare da casa, per famiglie o coppie.<br \/>\nContattaci per fissare un appuntamento per la visita: +385 91 607 56 27 o inviaci una mail a maja@compass.hr.<\/p>\n","protected":false},"excerpt":{"rendered":"<p>Affittiamo un appartamento bellissimo e spazioso in un edificio residenziale sul Viale Ma\u017eurani\u0107. L&#8217;appartamento \u00e8 composto da un ampio corridoio, tre camere da letto, un bagno, un soggiorno, una cucina, una sala da pranzo e due logge. Si trova in una posizione eccellente, vicino a tutti i servizi necessari per la vita quotidiana \u2013 scuole, [&hellip;]<\/p>\n","protected":false},"author":3,"featured_media":38207,"parent":0,"menu_order":0,"template":"","property_type":[768],"property_status":[],"property_feature":[809,799,857,821,819,817,831,797,806,855],"property_label":[1179],"property_state":[873],"property_city":[908],"property_area":[951],"class_list":["post-38242","property","type-property","status-publish","has-post-thumbnail","hentry","property_type-appartamento","property_feature-aria-condizionata","property_feature-frigorifero","property_feature-ingresso-separato-alledificio","property_feature-lavastoviglie","property_feature-lavatrice","property_feature-microonde","property_feature-porta-blindata","property_feature-televisore-a-schermo-piatto","property_feature-vasca-da-bagno","property_feature-wifi-it","property_label-affittato","property_state-splitsko-dalmatinska-it","property_city-split-it","property_area-manus-it"],"property_meta":{"rank_math_analytic_object_id":["1253"],"_wpml_word_count":["{\"total\":120,\"to_translate\":{\"cs\":120,\"en\":120,\"de\":120,\"it\":120,\"pl\":120,\"uk\":120}}"],"rank_math_internal_links_processed":["1"],"rank_math_seo_score":["10"],"rank_math_contentai_score":["a:5:{s:8:\"keywords\";s:5:\"74.51\";s:9:\"wordCount\";s:1:\"0\";s:9:\"linkCount\";s:1:\"0\";s:12:\"headingCount\";s:1:\"0\";s:10:\"mediaCount\";s:1:\"0\";}"],"fave_show_price_placeholder":["0"],"fave_loggedintoview":["0"],"fave_agent_display_option":["author_info"],"fave_prop_homeslider":["no"],"_houzez_expiration_date_status":["saved"],"_wpml_media_duplicate":["1"],"_wpml_media_featured":["1"],"_thumbnail_id":["38207"],"_edit_lock":["1733421197:3"],"_edit_last":["3"],"houzez_geolocation_lat":["43.5113275"],"houzez_geolocation_long":["16.4449724"],"fave_property_images":["38168","38161","38147","38140","38133","38119","38105","38175","38091","38070","38077","38084","38126","38231","38224","38210","38217","38063","38049","38042","38056","38203","38182"],"cmplz_hide_cookiebanner":[""],"rank_math_primary_property_type":["0"],"rank_math_primary_property_status":["0"],"rank_math_primary_property_feature":["0"],"rank_math_primary_property_label":["0"],"rank_math_primary_property_state":["0"],"rank_math_primary_property_city":["0"],"rank_math_primary_property_area":["0"],"houzez_manual_expire":["0"],"fave_property_size":["95"],"fave_property_size_prefix":["m2"],"fave_property_bedrooms":["3"],"fave_property_bathrooms":["1"],"fave_property_map":["0"],"fave_property_map_address":["Manu\u0161, Lu\u010dac-Manu\u0161, Split, Grad Split, Splitsko-dalmatinska \u017eupanija, 21103, Hrvatska"],"fave_property_location":["43.5113275,16.4449724,14"],"fave_property_map_street_view":["hide"],"fave_featured":["1"],"houzez_featured_listing_date":["2024-12-05 17:55:34"],"fave_single_top_area":["global"],"fave_single_content_area":["global"],"fave_godina-renoviranja":["2024"],"fave_balkon-loc491a-terasa":["Lo\u0111a"],"fave_dostupno-od":["06.12.2024."],"fave_kat":["2."],"fave_tip-stana":["U zgradi"],"fave_ukupni-broj-katova":["4"],"fave_broj-etac5bea":["Jednoeta\u017eni"],"fave_namjec5a1tenost-i-stanje":["Potpuno namje\u0161ten"],"fave_orijentacija":["Zapad","Istok"],"fave_parking":["Javni"],"fave_rec5beije":["Samostalno"],"_last_translation_edit_mode":["native-editor"],"houzez_total_property_views":["226"],"houzez_views_by_date":["a:61:{s:10:\"11-23-2025\";i:2;s:10:\"11-29-2025\";i:2;s:10:\"12-02-2025\";i:1;s:10:\"12-03-2025\";i:1;s:10:\"12-05-2025\";i:1;s:10:\"12-06-2025\";i:1;s:10:\"12-08-2025\";i:1;s:10:\"12-10-2025\";i:1;s:10:\"12-11-2025\";i:2;s:10:\"12-12-2025\";i:1;s:10:\"12-14-2025\";i:1;s:10:\"12-16-2025\";i:2;s:10:\"12-17-2025\";i:1;s:10:\"12-19-2025\";i:1;s:10:\"12-21-2025\";i:1;s:10:\"12-22-2025\";i:1;s:10:\"12-23-2025\";i:1;s:10:\"12-26-2025\";i:1;s:10:\"12-27-2025\";i:1;s:10:\"01-02-2026\";i:1;s:10:\"01-04-2026\";i:1;s:10:\"01-05-2026\";i:1;s:10:\"01-06-2026\";i:2;s:10:\"01-08-2026\";i:2;s:10:\"01-10-2026\";i:1;s:10:\"01-12-2026\";i:1;s:10:\"01-13-2026\";i:1;s:10:\"01-15-2026\";i:1;s:10:\"01-16-2026\";i:1;s:10:\"01-17-2026\";i:1;s:10:\"01-19-2026\";i:2;s:10:\"01-21-2026\";i:1;s:10:\"01-25-2026\";i:1;s:10:\"01-28-2026\";i:1;s:10:\"01-30-2026\";i:2;s:10:\"01-31-2026\";i:1;s:10:\"02-02-2026\";i:1;s:10:\"02-04-2026\";i:1;s:10:\"02-05-2026\";i:2;s:10:\"02-06-2026\";i:1;s:10:\"02-12-2026\";i:1;s:10:\"02-14-2026\";i:1;s:10:\"02-19-2026\";i:1;s:10:\"02-23-2026\";i:1;s:10:\"03-03-2026\";i:1;s:10:\"03-06-2026\";i:1;s:10:\"03-09-2026\";i:1;s:10:\"03-10-2026\";i:1;s:10:\"03-15-2026\";i:2;s:10:\"03-21-2026\";i:1;s:10:\"03-27-2026\";i:2;s:10:\"03-29-2026\";i:1;s:10:\"04-02-2026\";i:1;s:10:\"04-03-2026\";i:1;s:10:\"04-09-2026\";i:1;s:10:\"04-15-2026\";i:1;s:10:\"04-16-2026\";i:2;s:10:\"04-19-2026\";i:1;s:10:\"04-21-2026\";i:1;s:10:\"04-22-2026\";i:2;s:10:\"04-29-2026\";i:1;}"],"houzez_recently_viewed":["2026-04-29 11:36:28"],"fave_property_price":["1300 EUR"],"fave_agencijska-provizija":["1300 EUR"]},"_links":{"self":[{"href":"https:\/\/compass.hr\/it\/wp-json\/wp\/v2\/properties\/38242","targetHints":{"allow":["GET"]}}],"collection":[{"href":"https:\/\/compass.hr\/it\/wp-json\/wp\/v2\/properties"}],"about":[{"href":"https:\/\/compass.hr\/it\/wp-json\/wp\/v2\/types\/property"}],"author":[{"embeddable":true,"href":"https:\/\/compass.hr\/it\/wp-json\/wp\/v2\/users\/3"}],"version-history":[{"count":0,"href":"https:\/\/compass.hr\/it\/wp-json\/wp\/v2\/properties\/38242\/revisions"}],"wp:featuredmedia":[{"embeddable":true,"href":"https:\/\/compass.hr\/it\/wp-json\/wp\/v2\/media\/38207"}],"wp:attachment":[{"href":"https:\/\/compass.hr\/it\/wp-json\/wp\/v2\/media?parent=38242"}],"wp:term":[{"taxonomy":"property_type","embeddable":true,"href":"https:\/\/compass.hr\/it\/wp-json\/wp\/v2\/property_type?post=38242"},{"taxonomy":"property_status","embeddable":true,"href":"https:\/\/compass.hr\/it\/wp-json\/wp\/v2\/property_status?post=38242"},{"taxonomy":"property_feature","embeddable":true,"href":"https:\/\/compass.hr\/it\/wp-json\/wp\/v2\/property_feature?post=38242"},{"taxonomy":"property_label","embeddable":true,"href":"https:\/\/compass.hr\/it\/wp-json\/wp\/v2\/property_label?post=38242"},{"taxonomy":"property_state","embeddable":true,"href":"https:\/\/compass.hr\/it\/wp-json\/wp\/v2\/property_state?post=38242"},{"taxonomy":"property_city","embeddable":true,"href":"https:\/\/compass.hr\/it\/wp-json\/wp\/v2\/property_city?post=38242"},{"taxonomy":"property_area","embeddable":true,"href":"https:\/\/compass.hr\/it\/wp-json\/wp\/v2\/property_area?post=38242"}],"curies":[{"name":"wp","href":"https:\/\/api.w.org\/{rel}","templated":true}]}}

Bellissimo Appartamento Trilocale, Manuš, Spalato, 95,00 m² (In Affitto)

<p>Affittiamo un appartamento bellissimo e spazioso in un edificio residenziale sul Viale Mažuranić.<br />
L&#8217;appartamento è composto da un ampio corridoio, tre camere da letto, un bagno, un soggiorno, una cucina, una sala da pranzo e due logge. Si trova in una posizione eccellente, vicino a tutti i servizi necessari per la vita quotidiana – scuole, asili e negozi, mentre il centro storico dista solo 10 minuti a piedi.<br />
L&#8217;appartamento è completamente arredato e attrezzato, pieno di luce naturale, caldo in inverno ed è ideale per lavorare da casa, per famiglie o coppie.<br />
Contattaci per fissare un appuntamento per la visita: +385 91 607 56 27 o inviaci una mail a maja@compass.hr.</p>

<p>Affittiamo un appartamento bellissimo e spazioso in un edificio residenziale sul Viale Mažuranić. L&#8217;appartamento è composto da un ampio corridoio, tre camere da letto, un bagno, un soggiorno, una cucina, una sala da pranzo e due logge. Si trova in una posizione eccellente, vicino a tutti i servizi necessari per la vita quotidiana – scuole, [&hellip;]</p>

Manuš, Lučac-Manuš, Split, Grad Split, Splitsko-dalmatinska županija, 21103, Hrvatska

Lođa

Jednoetažni

Potpuno namješten
