{"id":33903,"date":"2024-07-11T19:13:22","date_gmt":"2024-07-11T19:13:22","guid":{"rendered":"https:\/\/compass-realestate.hr\/property\/predivan-prostran-stan-u-centru-split-95-00-m2-iznajmljivanje\/"},"modified":"2024-07-11T19:19:14","modified_gmt":"2024-07-11T19:19:14","slug":"predivan-prostran-stan-u-centru-split-95-00-m2-iznajmljivanje","status":"publish","type":"property","link":"https:\/\/compass.hr\/it\/property\/predivan-prostran-stan-u-centru-split-95-00-m2-iznajmljivanje\/","title":{"rendered":"Bellissimo appartamento spazioso in centro; Spalato, 95.00 m2 (in affitto)"},"content":{"rendered":"<p>Intermediamo il noleggio di un bellissimo e spazioso appartamento nel centro citt\u00e0, situato in un edificio residenziale. L&#8217;appartamento si estende su 120 m2, ha pareti spesse e soffitti alti, ed \u00e8 composto da due camere da letto con bagni en suite, un terzo bagno, un soggiorno, un balcone con una splendida vista sul panorama della citt\u00e0 vecchia, Marjan e il campanile di San Doimo, una cucina spaziosa e una sala da pranzo. Ogni stanza ha una finestra, e la zona giorno e le camere da letto sono ciascuna dotata di un&#8217;unit\u00e0 di aria condizionata. L&#8217;appartamento \u00e8 completamente arredato e attrezzato, ideale per lavorare da casa, single, coinquilini e famiglie. Si trova in un ambiente tranquillo, vicino a tutti i servizi necessari.<\/p>\n<p>Chiamateci e fissate un appuntamento per la visita al numero +385 91 607 56 27 o via email: maja@compass.hr<\/p>\n","protected":false},"excerpt":{"rendered":"<p>Intermediamo il noleggio di un bellissimo e spazioso appartamento nel centro citt\u00e0, situato in un edificio residenziale. L&#8217;appartamento si estende su 120 m2, ha pareti spesse e soffitti alti, ed \u00e8 composto da due camere da letto con bagni en suite, un terzo bagno, un soggiorno, un balcone con una splendida vista sul panorama della [&hellip;]<\/p>\n","protected":false},"author":3,"featured_media":33854,"parent":0,"menu_order":0,"template":"","property_type":[768],"property_status":[],"property_feature":[809,829,843,799,857,821,819,817,801,797,855],"property_label":[1179],"property_state":[873],"property_city":[908],"property_area":[1166],"class_list":["post-33903","property","type-property","status-publish","has-post-thumbnail","hentry","property_type-appartamento","property_feature-aria-condizionata","property_feature-bel-giardino","property_feature-cabina-doccia","property_feature-frigorifero","property_feature-ingresso-separato-alledificio","property_feature-lavastoviglie","property_feature-lavatrice","property_feature-microonde","property_feature-rete-di-computer","property_feature-televisore-a-schermo-piatto","property_feature-wifi-it","property_label-affittato","property_state-splitsko-dalmatinska-it","property_city-split-it","property_area-grad-it"],"property_meta":{"rank_math_analytic_object_id":["1025"],"_wpml_word_count":["{\"total\":143,\"to_translate\":{\"cs\":143,\"en\":143,\"de\":143,\"it\":143,\"pl\":143,\"uk\":143}}"],"rank_math_internal_links_processed":["1"],"rank_math_seo_score":["7"],"fave_show_price_placeholder":["0"],"fave_loggedintoview":["0"],"fave_video_url":["https:\/\/youtu.be\/1lvlKsn5wEg"],"fave_agent_display_option":["author_info"],"fave_prop_homeslider":["no"],"_houzez_expiration_date_status":["saved"],"_wpml_media_duplicate":["1"],"_wpml_media_featured":["1"],"houzez_geolocation_lat":["43.5073079"],"houzez_geolocation_long":["16.4444254"],"_thumbnail_id":["33854"],"_edit_lock":["1720725416:3"],"_edit_last":["3"],"fave_property_images":["33836","33829","33801","33794","33787","33780","33773","33766","33892","33759","33878","33822","33885","33857","33871","33752","33843","33815","33850"],"cmplz_hide_cookiebanner":[""],"rank_math_primary_property_type":["0"],"rank_math_primary_property_status":["0"],"rank_math_primary_property_feature":["0"],"rank_math_primary_property_label":["0"],"rank_math_primary_property_state":["0"],"rank_math_primary_property_city":["0"],"rank_math_primary_property_area":["0"],"houzez_manual_expire":["0"],"fave_property_price":["1800 EUR"],"fave_property_size":["95"],"fave_property_size_prefix":["m2"],"fave_property_bedrooms":["2"],"fave_property_bathrooms":["3"],"fave_property_map":["0"],"fave_property_map_address":["Radunica, Lu\u010dac, Lu\u010dac-Manu\u0161, Split, Grad Split, 21103, Hrvatska"],"fave_property_location":["43.5073079,16.4444254,15"],"fave_property_map_street_view":["hide"],"fave_featured":["1"],"houzez_featured_listing_date":["2024-07-11 19:19:14"],"fave_single_top_area":["global"],"fave_single_content_area":["global"],"fave_godina-renoviranja":["2023"],"fave_balkon-loc491a-terasa":["Balkon"],"fave_dostupno-od":["12.07.2024."],"fave_kat":["2."],"fave_tip-stana":["U zgradi"],"fave_ukupni-broj-katova":["2"],"fave_agencijska-provizija":["1800 EUR"],"fave_broj-etac5bea":["Jednoeta\u017eni"],"fave_namjec5a1tenost-i-stanje":["Potpuno namje\u0161ten"],"fave_orijentacija":["Jug","Zapad","Sjever"],"fave_rec5beije":["Samostalno"],"_last_translation_edit_mode":["native-editor"],"houzez_total_property_views":["242"],"houzez_views_by_date":["a:61:{s:10:\"09-27-2025\";i:1;s:10:\"10-02-2025\";i:1;s:10:\"10-07-2025\";i:1;s:10:\"10-09-2025\";i:1;s:10:\"10-12-2025\";i:1;s:10:\"10-14-2025\";i:2;s:10:\"10-19-2025\";i:1;s:10:\"10-26-2025\";i:1;s:10:\"11-01-2025\";i:1;s:10:\"11-09-2025\";i:1;s:10:\"11-10-2025\";i:1;s:10:\"11-11-2025\";i:1;s:10:\"11-12-2025\";i:1;s:10:\"11-13-2025\";i:1;s:10:\"11-15-2025\";i:1;s:10:\"11-18-2025\";i:1;s:10:\"11-20-2025\";i:1;s:10:\"11-22-2025\";i:1;s:10:\"11-24-2025\";i:1;s:10:\"11-29-2025\";i:1;s:10:\"12-04-2025\";i:1;s:10:\"12-06-2025\";i:2;s:10:\"12-08-2025\";i:1;s:10:\"12-11-2025\";i:1;s:10:\"12-16-2025\";i:1;s:10:\"12-17-2025\";i:1;s:10:\"12-22-2025\";i:1;s:10:\"12-28-2025\";i:1;s:10:\"01-02-2026\";i:1;s:10:\"01-05-2026\";i:1;s:10:\"01-08-2026\";i:2;s:10:\"01-14-2026\";i:1;s:10:\"01-16-2026\";i:1;s:10:\"01-18-2026\";i:1;s:10:\"01-20-2026\";i:1;s:10:\"01-25-2026\";i:1;s:10:\"01-26-2026\";i:1;s:10:\"01-30-2026\";i:1;s:10:\"01-31-2026\";i:1;s:10:\"02-01-2026\";i:1;s:10:\"02-05-2026\";i:1;s:10:\"02-09-2026\";i:1;s:10:\"02-12-2026\";i:1;s:10:\"02-14-2026\";i:1;s:10:\"02-20-2026\";i:1;s:10:\"03-04-2026\";i:1;s:10:\"03-06-2026\";i:1;s:10:\"03-10-2026\";i:2;s:10:\"03-15-2026\";i:1;s:10:\"03-16-2026\";i:1;s:10:\"03-22-2026\";i:1;s:10:\"03-27-2026\";i:1;s:10:\"03-28-2026\";i:1;s:10:\"04-03-2026\";i:2;s:10:\"04-04-2026\";i:1;s:10:\"04-10-2026\";i:1;s:10:\"04-16-2026\";i:1;s:10:\"04-19-2026\";i:2;s:10:\"04-21-2026\";i:1;s:10:\"04-23-2026\";i:1;s:10:\"05-01-2026\";i:1;}"],"houzez_recently_viewed":["2026-05-01 05:45:37"]},"_links":{"self":[{"href":"https:\/\/compass.hr\/it\/wp-json\/wp\/v2\/properties\/33903","targetHints":{"allow":["GET"]}}],"collection":[{"href":"https:\/\/compass.hr\/it\/wp-json\/wp\/v2\/properties"}],"about":[{"href":"https:\/\/compass.hr\/it\/wp-json\/wp\/v2\/types\/property"}],"author":[{"embeddable":true,"href":"https:\/\/compass.hr\/it\/wp-json\/wp\/v2\/users\/3"}],"version-history":[{"count":0,"href":"https:\/\/compass.hr\/it\/wp-json\/wp\/v2\/properties\/33903\/revisions"}],"wp:featuredmedia":[{"embeddable":true,"href":"https:\/\/compass.hr\/it\/wp-json\/wp\/v2\/media\/33854"}],"wp:attachment":[{"href":"https:\/\/compass.hr\/it\/wp-json\/wp\/v2\/media?parent=33903"}],"wp:term":[{"taxonomy":"property_type","embeddable":true,"href":"https:\/\/compass.hr\/it\/wp-json\/wp\/v2\/property_type?post=33903"},{"taxonomy":"property_status","embeddable":true,"href":"https:\/\/compass.hr\/it\/wp-json\/wp\/v2\/property_status?post=33903"},{"taxonomy":"property_feature","embeddable":true,"href":"https:\/\/compass.hr\/it\/wp-json\/wp\/v2\/property_feature?post=33903"},{"taxonomy":"property_label","embeddable":true,"href":"https:\/\/compass.hr\/it\/wp-json\/wp\/v2\/property_label?post=33903"},{"taxonomy":"property_state","embeddable":true,"href":"https:\/\/compass.hr\/it\/wp-json\/wp\/v2\/property_state?post=33903"},{"taxonomy":"property_city","embeddable":true,"href":"https:\/\/compass.hr\/it\/wp-json\/wp\/v2\/property_city?post=33903"},{"taxonomy":"property_area","embeddable":true,"href":"https:\/\/compass.hr\/it\/wp-json\/wp\/v2\/property_area?post=33903"}],"curies":[{"name":"wp","href":"https:\/\/api.w.org\/{rel}","templated":true}]}}

<p>Intermediamo il noleggio di un bellissimo e spazioso appartamento nel centro città, situato in un edificio residenziale. L&#8217;appartamento si estende su 120 m2, ha pareti spesse e soffitti alti, ed è composto da due camere da letto con bagni en suite, un terzo bagno, un soggiorno, un balcone con una splendida vista sul panorama della città vecchia, Marjan e il campanile di San Doimo, una cucina spaziosa e una sala da pranzo. Ogni stanza ha una finestra, e la zona giorno e le camere da letto sono ciascuna dotata di un&#8217;unità di aria condizionata. L&#8217;appartamento è completamente arredato e attrezzato, ideale per lavorare da casa, single, coinquilini e famiglie. Si trova in un ambiente tranquillo, vicino a tutti i servizi necessari.</p>
<p>Chiamateci e fissate un appuntamento per la visita al numero +385 91 607 56 27 o via email: maja@compass.hr</p>

<p>Intermediamo il noleggio di un bellissimo e spazioso appartamento nel centro città, situato in un edificio residenziale. L&#8217;appartamento si estende su 120 m2, ha pareti spesse e soffitti alti, ed è composto da due camere da letto con bagni en suite, un terzo bagno, un soggiorno, un balcone con una splendida vista sul panorama della [&hellip;]</p>

Radunica, Lučac, Lučac-Manuš, Split, Grad Split, 21103, Hrvatska

Jednoetažni

Potpuno namješten
