{"id":32699,"date":"2024-06-03T13:23:23","date_gmt":"2024-06-03T13:23:23","guid":{"rendered":"https:\/\/compass-realestate.hr\/property\/prekrasan-stan-s-parkingom-centar-split-50-00-m2-iznajmljivanje\/"},"modified":"2024-06-03T13:33:10","modified_gmt":"2024-06-03T13:33:10","slug":"prekrasan-stan-s-parkingom-centar-split-50-00-m2-iznajmljivanje","status":"publish","type":"property","link":"https:\/\/compass.hr\/it\/property\/prekrasan-stan-s-parkingom-centar-split-50-00-m2-iznajmljivanje\/","title":{"rendered":"Bellissimo appartamento con parcheggio, centro: Spalato, 50,00 m\u00b2 (affitto)"},"content":{"rendered":"<p>Siamo mediatori per l&#8217;affitto di un bellissimo appartamento nel centro citt\u00e0 allargato. Si estende su 50 m\u00b2 di spazio interno e 4 m\u00b2 di balcone. \u00c8 composto da un corridoio, cucina, sala da pranzo, soggiorno, balcone, bagno e camera da letto. \u00c8 dotato di mobili su misura e elettrodomestici di alta gamma. \u00c8 inoltre possibile affittare un posto auto esterno per un ulteriore 100 EUR al mese.<br \/>\nChiamateci e fissate un appuntamento per una visita; + 385 91 607 56 27.<\/p>\n","protected":false},"excerpt":{"rendered":"<p>Siamo mediatori per l&#8217;affitto di un bellissimo appartamento nel centro citt\u00e0 allargato. Si estende su 50 m\u00b2 di spazio interno e 4 m\u00b2 di balcone. \u00c8 composto da un corridoio, cucina, sala da pranzo, soggiorno, balcone, bagno e camera da letto. \u00c8 dotato di mobili su misura e elettrodomestici di alta gamma. \u00c8 inoltre possibile [&hellip;]<\/p>\n","protected":false},"author":3,"featured_media":32657,"parent":0,"menu_order":0,"template":"","property_type":[768],"property_status":[782,775,777],"property_feature":[809,843,827,799,857,821,819,817,831,801,823,791,797,855],"property_label":[],"property_state":[873],"property_city":[908],"property_area":[930],"class_list":["post-32699","property","type-property","status-publish","has-post-thumbnail","hentry","property_type-appartamento","property_status-contratto-di-locazione","property_status-noleggio-a-lungo-termine","property_status-studenti-erasmus","property_feature-aria-condizionata","property_feature-cabina-doccia","property_feature-citofono","property_feature-frigorifero","property_feature-ingresso-separato-alledificio","property_feature-lavastoviglie","property_feature-lavatrice","property_feature-microonde","property_feature-porta-blindata","property_feature-rete-di-computer","property_feature-riscaldamento-a-pavimento","property_feature-sistema-di-riscaldamento-aggiuntivo","property_feature-televisore-a-schermo-piatto","property_feature-wifi-it","property_state-splitsko-dalmatinska-it","property_city-split-it","property_area-bol-2-it"],"property_meta":{"rank_math_analytic_object_id":["944"],"_wpml_word_count":["{\"total\":94,\"to_translate\":{\"cs\":94,\"en\":94,\"de\":94,\"it\":94,\"pl\":94,\"uk\":94}}"],"rank_math_seo_score":["5"],"fave_loggedintoview":["0"],"fave_video_url":["https:\/\/youtube.com\/shorts\/FVscKmOanpc"],"fave_agent_display_option":["author_info"],"fave_prop_homeslider":["no"],"rank_math_internal_links_processed":["1"],"_houzez_expiration_date_status":["saved"],"_wpml_media_duplicate":["1"],"_wpml_media_featured":["1"],"houzez_geolocation_lat":["43.512745"],"houzez_geolocation_long":["16.4521639"],"_thumbnail_id":["32657"],"houzez_total_property_views":["290"],"houzez_views_by_date":["a:61:{s:10:\"11-13-2025\";i:1;s:10:\"11-14-2025\";i:1;s:10:\"11-15-2025\";i:1;s:10:\"11-17-2025\";i:1;s:10:\"11-18-2025\";i:1;s:10:\"11-23-2025\";i:1;s:10:\"11-24-2025\";i:1;s:10:\"11-30-2025\";i:1;s:10:\"12-04-2025\";i:1;s:10:\"12-06-2025\";i:1;s:10:\"12-11-2025\";i:1;s:10:\"12-16-2025\";i:1;s:10:\"12-17-2025\";i:1;s:10:\"12-22-2025\";i:1;s:10:\"12-23-2025\";i:1;s:10:\"12-27-2025\";i:2;s:10:\"12-30-2025\";i:1;s:10:\"01-02-2026\";i:1;s:10:\"01-05-2026\";i:2;s:10:\"01-08-2026\";i:1;s:10:\"01-11-2026\";i:1;s:10:\"01-14-2026\";i:1;s:10:\"01-20-2026\";i:1;s:10:\"01-25-2026\";i:1;s:10:\"01-26-2026\";i:1;s:10:\"01-27-2026\";i:1;s:10:\"01-29-2026\";i:1;s:10:\"01-30-2026\";i:1;s:10:\"01-31-2026\";i:1;s:10:\"02-02-2026\";i:1;s:10:\"02-05-2026\";i:1;s:10:\"02-06-2026\";i:1;s:10:\"02-07-2026\";i:1;s:10:\"02-10-2026\";i:1;s:10:\"02-12-2026\";i:1;s:10:\"02-13-2026\";i:1;s:10:\"02-15-2026\";i:1;s:10:\"02-19-2026\";i:1;s:10:\"03-04-2026\";i:1;s:10:\"03-07-2026\";i:1;s:10:\"03-10-2026\";i:1;s:10:\"03-15-2026\";i:1;s:10:\"03-16-2026\";i:1;s:10:\"03-19-2026\";i:1;s:10:\"03-22-2026\";i:1;s:10:\"03-28-2026\";i:1;s:10:\"03-31-2026\";i:1;s:10:\"04-03-2026\";i:1;s:10:\"04-09-2026\";i:1;s:10:\"04-13-2026\";i:1;s:10:\"04-15-2026\";i:1;s:10:\"04-16-2026\";i:1;s:10:\"04-17-2026\";i:1;s:10:\"04-18-2026\";i:1;s:10:\"04-19-2026\";i:1;s:10:\"04-21-2026\";i:1;s:10:\"04-22-2026\";i:1;s:10:\"04-23-2026\";i:2;s:10:\"04-29-2026\";i:1;s:10:\"04-30-2026\";i:1;s:10:\"05-01-2026\";i:1;}"],"houzez_recently_viewed":["2026-05-01 09:20:35"],"_edit_lock":["1717421459:3"],"_edit_last":["3"],"cmplz_hide_cookiebanner":[""],"rank_math_primary_property_type":["0"],"rank_math_primary_property_status":["0"],"rank_math_primary_property_feature":["0"],"rank_math_primary_property_label":["0"],"rank_math_primary_property_state":["0"],"rank_math_primary_property_city":["0"],"rank_math_primary_property_area":["0"],"houzez_manual_expire":["0"],"fave_property_images":["32660","32639","32569","32653","32667","32646","32674","32681","32688","32576","32625","32618","32632","32583","32604","32611"],"fave_property_size":["50"],"fave_property_size_prefix":["m2"],"fave_property_bedrooms":["1"],"fave_property_bathrooms":["1"],"fave_property_map":["0"],"fave_property_map_address":["Ma\u017eurani\u0107evo \u0161etali\u0161te, Bol, Split, Grad Split, 21107, Hrvatska"],"fave_property_location":["43.512745,16.4521639,15"],"fave_property_map_street_view":["hide"],"fave_featured":["1"],"houzez_featured_listing_date":["2024-06-03 13:33:10"],"fave_single_top_area":["global"],"fave_single_content_area":["global"],"fave_godina-renoviranja":["2023"],"fave_balkon-loc491a-terasa":["Balkon"],"fave_dostupno-od":["04.06.2024."],"fave_kat":["3."],"fave_ukupni-broj-katova":["3"],"fave_broj-etac5bea":["Jednoeta\u017eni"],"fave_namjec5a1tenost-i-stanje":["Potpuno namje\u0161ten"],"fave_orijentacija":["Zapad"],"fave_parking":["Vanjski nenatkriveni"],"fave_rec5beije":["Samostalno"],"_last_translation_edit_mode":["native-editor"],"fave_property_price":["950 EUR"],"fave_agencijska-provizija":["950 EUR"]},"_links":{"self":[{"href":"https:\/\/compass.hr\/it\/wp-json\/wp\/v2\/properties\/32699","targetHints":{"allow":["GET"]}}],"collection":[{"href":"https:\/\/compass.hr\/it\/wp-json\/wp\/v2\/properties"}],"about":[{"href":"https:\/\/compass.hr\/it\/wp-json\/wp\/v2\/types\/property"}],"author":[{"embeddable":true,"href":"https:\/\/compass.hr\/it\/wp-json\/wp\/v2\/users\/3"}],"version-history":[{"count":0,"href":"https:\/\/compass.hr\/it\/wp-json\/wp\/v2\/properties\/32699\/revisions"}],"wp:featuredmedia":[{"embeddable":true,"href":"https:\/\/compass.hr\/it\/wp-json\/wp\/v2\/media\/32657"}],"wp:attachment":[{"href":"https:\/\/compass.hr\/it\/wp-json\/wp\/v2\/media?parent=32699"}],"wp:term":[{"taxonomy":"property_type","embeddable":true,"href":"https:\/\/compass.hr\/it\/wp-json\/wp\/v2\/property_type?post=32699"},{"taxonomy":"property_status","embeddable":true,"href":"https:\/\/compass.hr\/it\/wp-json\/wp\/v2\/property_status?post=32699"},{"taxonomy":"property_feature","embeddable":true,"href":"https:\/\/compass.hr\/it\/wp-json\/wp\/v2\/property_feature?post=32699"},{"taxonomy":"property_label","embeddable":true,"href":"https:\/\/compass.hr\/it\/wp-json\/wp\/v2\/property_label?post=32699"},{"taxonomy":"property_state","embeddable":true,"href":"https:\/\/compass.hr\/it\/wp-json\/wp\/v2\/property_state?post=32699"},{"taxonomy":"property_city","embeddable":true,"href":"https:\/\/compass.hr\/it\/wp-json\/wp\/v2\/property_city?post=32699"},{"taxonomy":"property_area","embeddable":true,"href":"https:\/\/compass.hr\/it\/wp-json\/wp\/v2\/property_area?post=32699"}],"curies":[{"name":"wp","href":"https:\/\/api.w.org\/{rel}","templated":true}]}}

<p>Siamo mediatori per l&#8217;affitto di un bellissimo appartamento nel centro città allargato. Si estende su 50 m² di spazio interno e 4 m² di balcone. È composto da un corridoio, cucina, sala da pranzo, soggiorno, balcone, bagno e camera da letto. È dotato di mobili su misura e elettrodomestici di alta gamma. È inoltre possibile affittare un posto auto esterno per un ulteriore 100 EUR al mese.<br />
Chiamateci e fissate un appuntamento per una visita; + 385 91 607 56 27.</p>

<p>Siamo mediatori per l&#8217;affitto di un bellissimo appartamento nel centro città allargato. Si estende su 50 m² di spazio interno e 4 m² di balcone. È composto da un corridoio, cucina, sala da pranzo, soggiorno, balcone, bagno e camera da letto. È dotato di mobili su misura e elettrodomestici di alta gamma. È inoltre possibile [&hellip;]</p>

Mažuranićevo šetalište, Bol, Split, Grad Split, 21107, Hrvatska

Jednoetažni

Potpuno namješten
