{"id":32697,"date":"2024-06-03T13:23:23","date_gmt":"2024-06-03T13:23:23","guid":{"rendered":"https:\/\/compass-realestate.hr\/property\/prekrasan-stan-s-parkingom-centar-split-50-00-m2-iznajmljivanje\/"},"modified":"2024-07-09T09:51:33","modified_gmt":"2024-07-09T09:51:33","slug":"prekrasan-stan-s-parkingom-centar-split-50-00-m2-iznajmljivanje","status":"publish","type":"property","link":"https:\/\/compass.hr\/en\/property\/prekrasan-stan-s-parkingom-centar-split-50-00-m2-iznajmljivanje\/","title":{"rendered":"Beautiful apartment with parking, center: Split, 54.00 m\u00b2 (rental)"},"content":{"rendered":"<p>We are mediating the rental of a beautiful apartment in the wider city center. It covers 54 m\u00b2 of interior space and 4 m\u00b2 of balcony. It consists of a hallway, kitchen, dining room, living room, balcony, bathroom, and bedroom. It is equipped with custom-made furniture and high-end household appliances. It is also possible to rent an outdoor parking space for an additional 100 EUR per month.<br \/>\nCall us and schedule a viewing appointment; + 385 91 607 56 27.<\/p>\n","protected":false},"excerpt":{"rendered":"<p>We are mediating the rental of a beautiful apartment in the wider city center. It covers 54 m\u00b2 of interior space and 4 m\u00b2 of balcony. It consists of a hallway, kitchen, dining room, living room, balcony, bathroom, and bedroom. It is equipped with custom-made furniture and high-end household appliances. It is also possible to [&hellip;]<\/p>\n","protected":false},"author":3,"featured_media":32655,"parent":0,"menu_order":0,"template":"","property_type":[248],"property_status":[252,250,256],"property_feature":[268,286,278,404,274,569,402,276,577,491,601,405,403,490],"property_label":[],"property_state":[467],"property_city":[360],"property_area":[934],"class_list":["post-32697","property","type-property","status-publish","has-post-thumbnail","hentry","property_type-apartment","property_status-erasmus-students","property_status-long-term-rental","property_status-rental","property_feature-additional-heating-system","property_feature-air-conditioning","property_feature-computer-network","property_feature-dishwasher","property_feature-flat-tv-en","property_feature-intercom","property_feature-microwave","property_feature-refrigerator","property_feature-security-door","property_feature-separate-entrance-to-the-building","property_feature-shower-cabin","property_feature-underfloor-heating","property_feature-washing-machine","property_feature-wifi-en","property_state-splitsko-dalmatinska-en-2","property_city-split-en-2","property_area-bol-2-en"],"property_meta":{"rank_math_analytic_object_id":["939"],"_wpml_word_count":["{\"total\":94,\"to_translate\":{\"cs\":94,\"en\":94,\"de\":94,\"it\":94,\"pl\":94,\"uk\":94}}"],"rank_math_seo_score":["10"],"fave_loggedintoview":["0"],"fave_video_url":["https:\/\/youtube.com\/shorts\/FVscKmOanpc"],"fave_agent_display_option":["author_info"],"fave_prop_homeslider":["no"],"rank_math_internal_links_processed":["1"],"_houzez_expiration_date_status":["saved"],"_wpml_media_duplicate":["1"],"_wpml_media_featured":["1"],"houzez_geolocation_lat":["43.512745"],"houzez_geolocation_long":["16.4521639"],"_thumbnail_id":["32655"],"_edit_lock":["1720518556:3"],"_edit_last":["3"],"cmplz_hide_cookiebanner":[""],"rank_math_primary_property_type":["0"],"rank_math_primary_property_status":["0"],"rank_math_primary_property_feature":["0"],"rank_math_primary_property_label":["0"],"rank_math_primary_property_state":["0"],"rank_math_primary_property_city":["0"],"rank_math_primary_property_area":["0"],"houzez_manual_expire":["0"],"houzez_featured_listing_date":["2024-07-09 09:51:33"],"_last_translation_edit_mode":["native-editor"],"houzez_total_property_views":["377"],"houzez_views_by_date":["a:61:{s:10:\"11-23-2025\";i:2;s:10:\"11-25-2025\";i:1;s:10:\"11-26-2025\";i:1;s:10:\"12-04-2025\";i:1;s:10:\"12-07-2025\";i:1;s:10:\"12-10-2025\";i:1;s:10:\"12-11-2025\";i:1;s:10:\"12-17-2025\";i:1;s:10:\"12-18-2025\";i:1;s:10:\"12-21-2025\";i:1;s:10:\"12-22-2025\";i:1;s:10:\"12-24-2025\";i:4;s:10:\"12-27-2025\";i:2;s:10:\"12-28-2025\";i:1;s:10:\"01-02-2026\";i:2;s:10:\"01-06-2026\";i:1;s:10:\"01-07-2026\";i:1;s:10:\"01-08-2026\";i:1;s:10:\"01-10-2026\";i:1;s:10:\"01-12-2026\";i:1;s:10:\"01-13-2026\";i:1;s:10:\"01-14-2026\";i:1;s:10:\"01-15-2026\";i:1;s:10:\"01-16-2026\";i:1;s:10:\"01-20-2026\";i:1;s:10:\"01-21-2026\";i:2;s:10:\"01-25-2026\";i:1;s:10:\"01-27-2026\";i:1;s:10:\"01-30-2026\";i:1;s:10:\"01-31-2026\";i:1;s:10:\"02-05-2026\";i:1;s:10:\"02-09-2026\";i:1;s:10:\"02-10-2026\";i:2;s:10:\"02-12-2026\";i:1;s:10:\"02-13-2026\";i:1;s:10:\"02-14-2026\";i:1;s:10:\"02-15-2026\";i:1;s:10:\"02-17-2026\";i:1;s:10:\"02-19-2026\";i:1;s:10:\"02-20-2026\";i:1;s:10:\"02-22-2026\";i:1;s:10:\"02-24-2026\";i:1;s:10:\"02-25-2026\";i:1;s:10:\"03-04-2026\";i:1;s:10:\"03-05-2026\";i:1;s:10:\"03-07-2026\";i:1;s:10:\"03-09-2026\";i:1;s:10:\"03-10-2026\";i:1;s:10:\"03-15-2026\";i:1;s:10:\"03-16-2026\";i:1;s:10:\"03-22-2026\";i:1;s:10:\"03-28-2026\";i:1;s:10:\"03-29-2026\";i:1;s:10:\"04-03-2026\";i:1;s:10:\"04-09-2026\";i:1;s:10:\"04-15-2026\";i:1;s:10:\"04-16-2026\";i:1;s:10:\"04-18-2026\";i:2;s:10:\"04-19-2026\";i:2;s:10:\"04-23-2026\";i:1;s:10:\"05-01-2026\";i:1;}"],"houzez_recently_viewed":["2026-05-01 09:06:37"],"fave_show_price_placeholder":["0"],"fave_property_images":["32660","32639","32569","32653","32667","32646","32674","32681","32688","32576","32625","32618","32632","32583","32604","32611"],"fave_property_size":["50"],"fave_property_size_prefix":["m2"],"fave_property_bedrooms":["1"],"fave_property_bathrooms":["1"],"fave_property_map":["0"],"fave_property_map_address":["Ma\u017eurani\u0107evo \u0161etali\u0161te, Bol, Split, Grad Split, 21107, Hrvatska"],"fave_property_location":["43.512745,16.4521639,15"],"fave_property_map_street_view":["hide"],"fave_featured":["1"],"fave_single_top_area":["global"],"fave_single_content_area":["global"],"fave_godina-renoviranja":["2023"],"fave_balkon-loc491a-terasa":["Balkon"],"fave_dostupno-od":["04.06.2024."],"fave_kat":["3."],"fave_ukupni-broj-katova":["3"],"fave_broj-etac5bea":["Jednoeta\u017eni"],"fave_namjec5a1tenost-i-stanje":["Potpuno namje\u0161ten"],"fave_orijentacija":["Zapad"],"fave_parking":["Vanjski nenatkriveni"],"fave_rec5beije":["Samostalno"],"fave_property_price":["950 EUR"],"fave_agencijska-provizija":["950 EUR"]},"_links":{"self":[{"href":"https:\/\/compass.hr\/en\/wp-json\/wp\/v2\/properties\/32697","targetHints":{"allow":["GET"]}}],"collection":[{"href":"https:\/\/compass.hr\/en\/wp-json\/wp\/v2\/properties"}],"about":[{"href":"https:\/\/compass.hr\/en\/wp-json\/wp\/v2\/types\/property"}],"author":[{"embeddable":true,"href":"https:\/\/compass.hr\/en\/wp-json\/wp\/v2\/users\/3"}],"version-history":[{"count":0,"href":"https:\/\/compass.hr\/en\/wp-json\/wp\/v2\/properties\/32697\/revisions"}],"wp:featuredmedia":[{"embeddable":true,"href":"https:\/\/compass.hr\/en\/wp-json\/wp\/v2\/media\/32655"}],"wp:attachment":[{"href":"https:\/\/compass.hr\/en\/wp-json\/wp\/v2\/media?parent=32697"}],"wp:term":[{"taxonomy":"property_type","embeddable":true,"href":"https:\/\/compass.hr\/en\/wp-json\/wp\/v2\/property_type?post=32697"},{"taxonomy":"property_status","embeddable":true,"href":"https:\/\/compass.hr\/en\/wp-json\/wp\/v2\/property_status?post=32697"},{"taxonomy":"property_feature","embeddable":true,"href":"https:\/\/compass.hr\/en\/wp-json\/wp\/v2\/property_feature?post=32697"},{"taxonomy":"property_label","embeddable":true,"href":"https:\/\/compass.hr\/en\/wp-json\/wp\/v2\/property_label?post=32697"},{"taxonomy":"property_state","embeddable":true,"href":"https:\/\/compass.hr\/en\/wp-json\/wp\/v2\/property_state?post=32697"},{"taxonomy":"property_city","embeddable":true,"href":"https:\/\/compass.hr\/en\/wp-json\/wp\/v2\/property_city?post=32697"},{"taxonomy":"property_area","embeddable":true,"href":"https:\/\/compass.hr\/en\/wp-json\/wp\/v2\/property_area?post=32697"}],"curies":[{"name":"wp","href":"https:\/\/api.w.org\/{rel}","templated":true}]}}

Mažuranićevo šetalište, Bol, Split, Grad Split, 21107, Hrvatska

Jednoetažni

Potpuno namješten
