{"id":39834,"date":"2025-02-06T14:12:55","date_gmt":"2025-02-06T14:12:55","guid":{"rendered":"https:\/\/compass-realestate.hr\/property\/prekrasan-stan-spinut-split-48-00-m2-iznajmljivanje\/"},"modified":"2025-02-06T14:17:04","modified_gmt":"2025-02-06T14:17:04","slug":"prekrasan-stan-spinut-split-48-00-m2-iznajmljivanje","status":"publish","type":"property","link":"https:\/\/compass.hr\/cs\/property\/prekrasan-stan-spinut-split-48-00-m2-iznajmljivanje\/","title":{"rendered":"N\u00e1dhern\u00fd byt, Spinut, Split, 48,00 m\u00b2 (k pron\u00e1jmu)"},"content":{"rendered":"<p>K pron\u00e1jmu je n\u00e1dhern\u00fd byt na Spinutu, pln\u00fd denn\u00edho sv\u011btla. Skl\u00e1d\u00e1 se z lo\u017enice, chodby, koupelny a denn\u00ed \u010d\u00e1sti; kuchyn\u011b, j\u00eddelny a ob\u00fdvac\u00edho pokoje, ze kter\u00e9ho vych\u00e1z\u00ed balkon s v\u00fdhledem na n\u00e1dhernou zahradu a m\u011bstsk\u00e9 panorama. Nach\u00e1z\u00ed se v 5. pat\u0159e budovy s v\u00fdtahem a je kompletn\u011b za\u0159\u00edzen a vybaven.<br \/>\nZavolejte n\u00e1m a domluvte si term\u00edn pro prohl\u00eddku: tel. +385 91 607 56 27 nebo e-mail: maja@compass.hr<\/p>\n","protected":false},"excerpt":{"rendered":"<p>K pron\u00e1jmu je n\u00e1dhern\u00fd byt na Spinutu, pln\u00fd denn\u00edho sv\u011btla. Skl\u00e1d\u00e1 se z lo\u017enice, chodby, koupelny a denn\u00ed \u010d\u00e1sti; kuchyn\u011b, j\u00eddelny a ob\u00fdvac\u00edho pokoje, ze kter\u00e9ho vych\u00e1z\u00ed balkon s v\u00fdhledem na n\u00e1dhernou zahradu a m\u011bstsk\u00e9 panorama. Nach\u00e1z\u00ed se v 5. pat\u0159e budovy s v\u00fdtahem a je kompletn\u011b za\u0159\u00edzen a vybaven. Zavolejte n\u00e1m a domluvte si [&hellip;]<\/p>\n","protected":false},"author":3,"featured_media":39743,"parent":0,"menu_order":0,"template":"","property_type":[767],"property_status":[1321],"property_feature":[812,830,800,818,820,858,844,798,816,856,794],"property_label":[1176],"property_state":[874],"property_city":[907],"property_area":[969],"class_list":["post-39834","property","type-property","status-publish","has-post-thumbnail","hentry","property_type-byt","property_status-prodano-cs","property_feature-klimatizace-cs","property_feature-krasna-zahrada","property_feature-lednicka","property_feature-mikrovlnna-trouba","property_feature-pracka","property_feature-samostatny-vchod-do-budovy","property_feature-sprchovy-kout","property_feature-tv-s-plochou-obrazovkou","property_feature-vytah","property_feature-wifi-cs","property_feature-yard-cs","property_label-pronajate","property_state-splitsko-dalmatinska-cs","property_city-split-cs","property_area-spinut-cs"],"property_meta":{"rank_math_analytic_object_id":["1316"],"rank_math_internal_links_processed":["1"],"rank_math_seo_score":["9"],"rank_math_contentai_score":["a:5:{s:8:\"keywords\";s:5:\"74.51\";s:9:\"wordCount\";s:1:\"0\";s:9:\"linkCount\";s:1:\"0\";s:12:\"headingCount\";s:1:\"0\";s:10:\"mediaCount\";s:1:\"0\";}"],"fave_show_price_placeholder":["0"],"fave_loggedintoview":["0"],"fave_agent_display_option":["author_info"],"fave_prop_homeslider":["no"],"_houzez_expiration_date_status":["saved"],"_wpml_media_duplicate":["1"],"_wpml_media_featured":["1"],"_wpml_word_count":["{\"total\":90,\"to_translate\":{\"cs\":90,\"en\":90,\"de\":90,\"it\":90,\"pl\":90,\"uk\":90}}"],"_edit_lock":["1738851356:3"],"_edit_last":["3"],"houzez_geolocation_lat":["43.5145952"],"houzez_geolocation_long":["16.4313131"],"fave_property_images":["39770","39742","39714","39721","39679","39812","39686","39693","39749","39756","39763","39805","39777","39791","39798","39819","39826"],"cmplz_hide_cookiebanner":[""],"rank_math_primary_property_type":["0"],"rank_math_primary_property_status":["0"],"rank_math_primary_property_feature":["0"],"rank_math_primary_property_label":["0"],"rank_math_primary_property_state":["0"],"rank_math_primary_property_city":["0"],"rank_math_primary_property_area":["0"],"houzez_manual_expire":["0"],"fave_property_price":["700 EUR"],"fave_property_size":["48"],"fave_property_size_prefix":["m2"],"fave_property_bedrooms":["1"],"fave_property_bathrooms":["1"],"fave_property_map":["0"],"fave_property_map_address":["Spinut, Split, Grad Split, Splitsko-dalmatinska \u017eupanija, Hrvatska"],"fave_property_location":["43.5145952,16.4313131,15"],"fave_property_map_street_view":["hide"],"fave_featured":["1"],"houzez_featured_listing_date":["2025-02-06 14:17:04"],"fave_single_top_area":["global"],"fave_single_content_area":["global"],"fave_kat":["5."],"fave_tip-stana":["U zgradi"],"fave_agencijska-provizija":["700 EUR"],"fave_broj-etac5bea":["Jednoeta\u017eni"],"fave_namjec5a1tenost-i-stanje":["Potpuno namje\u0161ten"],"fave_orijentacija":["Zapad"],"fave_parking":["Javni"],"fave_rec5beije":["Samostalno"],"_last_translation_edit_mode":["native-editor"],"houzez_total_property_views":["152"],"houzez_views_by_date":["a:61:{s:10:\"10-07-2025\";i:3;s:10:\"10-12-2025\";i:2;s:10:\"10-13-2025\";i:1;s:10:\"10-18-2025\";i:1;s:10:\"10-19-2025\";i:1;s:10:\"10-26-2025\";i:1;s:10:\"11-01-2025\";i:1;s:10:\"11-09-2025\";i:1;s:10:\"11-10-2025\";i:1;s:10:\"11-12-2025\";i:1;s:10:\"11-13-2025\";i:1;s:10:\"11-15-2025\";i:1;s:10:\"11-16-2025\";i:1;s:10:\"11-18-2025\";i:1;s:10:\"11-20-2025\";i:1;s:10:\"11-22-2025\";i:1;s:10:\"11-24-2025\";i:1;s:10:\"11-26-2025\";i:2;s:10:\"12-02-2025\";i:1;s:10:\"12-09-2025\";i:1;s:10:\"12-10-2025\";i:1;s:10:\"12-15-2025\";i:1;s:10:\"12-16-2025\";i:1;s:10:\"12-21-2025\";i:1;s:10:\"12-26-2025\";i:1;s:10:\"12-29-2025\";i:1;s:10:\"01-01-2026\";i:1;s:10:\"01-06-2026\";i:2;s:10:\"01-12-2026\";i:1;s:10:\"01-14-2026\";i:1;s:10:\"01-18-2026\";i:1;s:10:\"01-19-2026\";i:2;s:10:\"01-23-2026\";i:1;s:10:\"01-25-2026\";i:1;s:10:\"01-29-2026\";i:1;s:10:\"01-31-2026\";i:1;s:10:\"02-01-2026\";i:1;s:10:\"02-04-2026\";i:1;s:10:\"02-05-2026\";i:1;s:10:\"02-08-2026\";i:1;s:10:\"02-12-2026\";i:1;s:10:\"02-15-2026\";i:1;s:10:\"02-19-2026\";i:1;s:10:\"02-28-2026\";i:1;s:10:\"03-01-2026\";i:1;s:10:\"03-04-2026\";i:1;s:10:\"03-10-2026\";i:1;s:10:\"03-13-2026\";i:1;s:10:\"03-16-2026\";i:1;s:10:\"03-18-2026\";i:1;s:10:\"03-20-2026\";i:1;s:10:\"03-22-2026\";i:1;s:10:\"03-28-2026\";i:1;s:10:\"04-04-2026\";i:1;s:10:\"04-09-2026\";i:1;s:10:\"04-10-2026\";i:2;s:10:\"04-19-2026\";i:1;s:10:\"04-21-2026\";i:1;s:10:\"04-22-2026\";i:1;s:10:\"04-23-2026\";i:1;s:10:\"04-30-2026\";i:2;}"],"houzez_recently_viewed":["2026-04-30 18:39:01"],"_thumbnail_id":["39743"],"fave_godina-renoviranja":["2022"],"fave_balkon-loc491a-terasa":["Lo\u0111a"],"fave_dostupno-od":["01.11.2025."],"fave_ukupni-broj-katova":["5"]},"_links":{"self":[{"href":"https:\/\/compass.hr\/cs\/wp-json\/wp\/v2\/properties\/39834","targetHints":{"allow":["GET"]}}],"collection":[{"href":"https:\/\/compass.hr\/cs\/wp-json\/wp\/v2\/properties"}],"about":[{"href":"https:\/\/compass.hr\/cs\/wp-json\/wp\/v2\/types\/property"}],"author":[{"embeddable":true,"href":"https:\/\/compass.hr\/cs\/wp-json\/wp\/v2\/users\/3"}],"version-history":[{"count":0,"href":"https:\/\/compass.hr\/cs\/wp-json\/wp\/v2\/properties\/39834\/revisions"}],"wp:featuredmedia":[{"embeddable":true,"href":"https:\/\/compass.hr\/cs\/wp-json\/wp\/v2\/media\/39743"}],"wp:attachment":[{"href":"https:\/\/compass.hr\/cs\/wp-json\/wp\/v2\/media?parent=39834"}],"wp:term":[{"taxonomy":"property_type","embeddable":true,"href":"https:\/\/compass.hr\/cs\/wp-json\/wp\/v2\/property_type?post=39834"},{"taxonomy":"property_status","embeddable":true,"href":"https:\/\/compass.hr\/cs\/wp-json\/wp\/v2\/property_status?post=39834"},{"taxonomy":"property_feature","embeddable":true,"href":"https:\/\/compass.hr\/cs\/wp-json\/wp\/v2\/property_feature?post=39834"},{"taxonomy":"property_label","embeddable":true,"href":"https:\/\/compass.hr\/cs\/wp-json\/wp\/v2\/property_label?post=39834"},{"taxonomy":"property_state","embeddable":true,"href":"https:\/\/compass.hr\/cs\/wp-json\/wp\/v2\/property_state?post=39834"},{"taxonomy":"property_city","embeddable":true,"href":"https:\/\/compass.hr\/cs\/wp-json\/wp\/v2\/property_city?post=39834"},{"taxonomy":"property_area","embeddable":true,"href":"https:\/\/compass.hr\/cs\/wp-json\/wp\/v2\/property_area?post=39834"}],"curies":[{"name":"wp","href":"https:\/\/api.w.org\/{rel}","templated":true}]}}

Nádherný byt, Spinut, Split, 48,00 m² (k pronájmu)

<p>K pronájmu je nádherný byt na Spinutu, plný denního světla. Skládá se z ložnice, chodby, koupelny a denní části; kuchyně, jídelny a obývacího pokoje, ze kterého vychází balkon s výhledem na nádhernou zahradu a městské panorama. Nachází se v 5. patře budovy s výtahem a je kompletně zařízen a vybaven.<br />
Zavolejte nám a domluvte si termín pro prohlídku: tel. +385 91 607 56 27 nebo e-mail: maja@compass.hr</p>

<p>K pronájmu je nádherný byt na Spinutu, plný denního světla. Skládá se z ložnice, chodby, koupelny a denní části; kuchyně, jídelny a obývacího pokoje, ze kterého vychází balkon s výhledem na nádhernou zahradu a městské panorama. Nachází se v 5. patře budovy s výtahem a je kompletně zařízen a vybaven. Zavolejte nám a domluvte si [&hellip;]</p>

Spinut, Split, Grad Split, Splitsko-dalmatinska županija, Hrvatska

Jednoetažni

Potpuno namješten

Lođa
