{"id":33900,"date":"2024-07-11T19:13:22","date_gmt":"2024-07-11T19:13:22","guid":{"rendered":"https:\/\/compass-realestate.hr\/property\/predivan-prostran-stan-u-centru-split-95-00-m2-iznajmljivanje\/"},"modified":"2024-07-11T19:16:53","modified_gmt":"2024-07-11T19:16:53","slug":"predivan-prostran-stan-u-centru-split-95-00-m2-iznajmljivanje","status":"publish","type":"property","link":"https:\/\/compass.hr\/cs\/property\/predivan-prostran-stan-u-centru-split-95-00-m2-iznajmljivanje\/","title":{"rendered":"Kr\u00e1sn\u00fd, prostorn\u00fd byt v centru; Split, 95,00 m2 (k pron\u00e1jmu)"},"content":{"rendered":"<p>Zprost\u0159edkov\u00e1v\u00e1me pron\u00e1jem kr\u00e1sn\u00e9ho, prostorn\u00e9ho bytu v centru m\u011bsta, kter\u00fd se nach\u00e1z\u00ed v bytov\u00e9m dom\u011b. Byt m\u00e1 rozlohu 120 m2, tlust\u00e9 st\u011bny a vysok\u00e9 stropy, a skl\u00e1d\u00e1 se ze dvou lo\u017enic s vlastn\u00edmi koupelnami, t\u0159et\u00ed koupelny, ob\u00fdvac\u00edho pokoje, balkonu s n\u00e1dhern\u00fdm v\u00fdhledem na star\u00e9 m\u011bsto, Marjan a zvonici sv. Dujma, prostorn\u00e9 kuchyn\u011b a j\u00eddelny. Ka\u017ed\u00e1 m\u00edstnost m\u00e1 okno, ob\u00fdvac\u00ed \u010d\u00e1st a lo\u017enice maj\u00ed ka\u017ed\u00e1 jednu klimatiza\u010dn\u00ed jednotku. Byt je pln\u011b za\u0159\u00edzen\u00fd a vybaven\u00fd, ide\u00e1ln\u00ed pro pr\u00e1ci z domova, pro jednotlivce, spolubydl\u00edc\u00ed a rodiny. Nach\u00e1z\u00ed se v klidn\u00e9m prost\u0159ed\u00ed, bl\u00edzko v\u0161ech pot\u0159ebn\u00fdch za\u0159\u00edzen\u00ed.<\/p>\n<p>Zavolejte n\u00e1m a domluvte si prohl\u00eddku na +385 91 607 56 27 nebo na e-mail: maja@compass.hr<\/p>\n","protected":false},"excerpt":{"rendered":"<p>Zprost\u0159edkov\u00e1v\u00e1me pron\u00e1jem kr\u00e1sn\u00e9ho, prostorn\u00e9ho bytu v centru m\u011bsta, kter\u00fd se nach\u00e1z\u00ed v bytov\u00e9m dom\u011b. Byt m\u00e1 rozlohu 120 m2, tlust\u00e9 st\u011bny a vysok\u00e9 stropy, a skl\u00e1d\u00e1 se ze dvou lo\u017enic s vlastn\u00edmi koupelnami, t\u0159et\u00ed koupelny, ob\u00fdvac\u00edho pokoje, balkonu s n\u00e1dhern\u00fdm v\u00fdhledem na star\u00e9 m\u011bsto, Marjan a zvonici sv. Dujma, prostorn\u00e9 kuchyn\u011b a j\u00eddelny. Ka\u017ed\u00e1 m\u00edstnost [&hellip;]<\/p>\n","protected":false},"author":3,"featured_media":33851,"parent":0,"menu_order":0,"template":"","property_type":[767],"property_status":[],"property_feature":[812,830,800,818,822,802,820,858,844,798,856],"property_label":[1176],"property_state":[874],"property_city":[907],"property_area":[1163],"class_list":["post-33900","property","type-property","status-publish","has-post-thumbnail","hentry","property_type-byt","property_feature-klimatizace-cs","property_feature-krasna-zahrada","property_feature-lednicka","property_feature-mikrovlnna-trouba","property_feature-mycka","property_feature-pocitacova-sit","property_feature-pracka","property_feature-samostatny-vchod-do-budovy","property_feature-sprchovy-kout","property_feature-tv-s-plochou-obrazovkou","property_feature-wifi-cs","property_label-pronajate","property_state-splitsko-dalmatinska-cs","property_city-split-cs","property_area-grad-cs"],"property_meta":{"rank_math_analytic_object_id":["1028"],"_wpml_word_count":["{\"total\":143,\"to_translate\":{\"cs\":143,\"en\":143,\"de\":143,\"it\":143,\"pl\":143,\"uk\":143}}"],"rank_math_internal_links_processed":["1"],"rank_math_seo_score":["10"],"fave_show_price_placeholder":["0"],"fave_loggedintoview":["0"],"fave_video_url":["https:\/\/youtu.be\/1lvlKsn5wEg"],"fave_agent_display_option":["author_info"],"fave_prop_homeslider":["no"],"_houzez_expiration_date_status":["saved"],"_wpml_media_duplicate":["1"],"_wpml_media_featured":["1"],"houzez_geolocation_lat":["43.5073079"],"houzez_geolocation_long":["16.4444254"],"_thumbnail_id":["33851"],"_edit_lock":["1720725275:3"],"_edit_last":["3"],"cmplz_hide_cookiebanner":[""],"rank_math_primary_property_type":["0"],"rank_math_primary_property_status":["0"],"rank_math_primary_property_feature":["0"],"rank_math_primary_property_label":["0"],"rank_math_primary_property_state":["0"],"rank_math_primary_property_city":["0"],"rank_math_primary_property_area":["0"],"houzez_manual_expire":["0"],"houzez_featured_listing_date":["2024-07-11 19:16:53"],"fave_property_images":["33836","33829","33801","33794","33787","33780","33773","33766","33892","33759","33878","33822","33885","33857","33871","33752","33843","33815","33850"],"fave_property_price":["1800 EUR"],"fave_property_size":["95"],"fave_property_size_prefix":["m2"],"fave_property_bedrooms":["2"],"fave_property_bathrooms":["3"],"fave_property_map":["0"],"fave_property_map_address":["Radunica, Lu\u010dac, Lu\u010dac-Manu\u0161, Split, Grad Split, 21103, Hrvatska"],"fave_property_location":["43.5073079,16.4444254,15"],"fave_property_map_street_view":["hide"],"fave_featured":["1"],"fave_single_top_area":["global"],"fave_single_content_area":["global"],"fave_godina-renoviranja":["2023"],"fave_balkon-loc491a-terasa":["Balkon"],"fave_dostupno-od":["12.07.2024."],"fave_kat":["2."],"fave_tip-stana":["U zgradi"],"fave_ukupni-broj-katova":["2"],"fave_agencijska-provizija":["1800 EUR"],"fave_broj-etac5bea":["Jednoeta\u017eni"],"fave_namjec5a1tenost-i-stanje":["Potpuno namje\u0161ten"],"fave_orijentacija":["Jug","Zapad","Sjever"],"fave_rec5beije":["Samostalno"],"_last_translation_edit_mode":["native-editor"],"houzez_total_property_views":["239"],"houzez_views_by_date":["a:61:{s:10:\"10-09-2025\";i:1;s:10:\"10-12-2025\";i:1;s:10:\"10-13-2025\";i:1;s:10:\"10-15-2025\";i:1;s:10:\"10-16-2025\";i:1;s:10:\"10-19-2025\";i:1;s:10:\"10-26-2025\";i:1;s:10:\"11-01-2025\";i:1;s:10:\"11-09-2025\";i:1;s:10:\"11-10-2025\";i:1;s:10:\"11-12-2025\";i:1;s:10:\"11-13-2025\";i:1;s:10:\"11-15-2025\";i:1;s:10:\"11-16-2025\";i:1;s:10:\"11-20-2025\";i:1;s:10:\"11-24-2025\";i:1;s:10:\"11-27-2025\";i:1;s:10:\"11-29-2025\";i:1;s:10:\"12-04-2025\";i:1;s:10:\"12-05-2025\";i:1;s:10:\"12-09-2025\";i:1;s:10:\"12-11-2025\";i:1;s:10:\"12-16-2025\";i:1;s:10:\"12-17-2025\";i:2;s:10:\"12-23-2025\";i:1;s:10:\"12-28-2025\";i:1;s:10:\"01-03-2026\";i:1;s:10:\"01-05-2026\";i:1;s:10:\"01-06-2026\";i:1;s:10:\"01-09-2026\";i:1;s:10:\"01-14-2026\";i:1;s:10:\"01-18-2026\";i:1;s:10:\"01-19-2026\";i:1;s:10:\"01-20-2026\";i:1;s:10:\"01-25-2026\";i:1;s:10:\"01-26-2026\";i:1;s:10:\"01-30-2026\";i:1;s:10:\"02-01-2026\";i:2;s:10:\"02-05-2026\";i:1;s:10:\"02-09-2026\";i:2;s:10:\"02-12-2026\";i:1;s:10:\"02-14-2026\";i:1;s:10:\"02-15-2026\";i:1;s:10:\"02-20-2026\";i:1;s:10:\"03-04-2026\";i:1;s:10:\"03-07-2026\";i:1;s:10:\"03-10-2026\";i:1;s:10:\"03-11-2026\";i:1;s:10:\"03-17-2026\";i:1;s:10:\"03-19-2026\";i:1;s:10:\"03-23-2026\";i:1;s:10:\"03-27-2026\";i:1;s:10:\"03-29-2026\";i:1;s:10:\"04-03-2026\";i:1;s:10:\"04-04-2026\";i:1;s:10:\"04-11-2026\";i:1;s:10:\"04-16-2026\";i:2;s:10:\"04-19-2026\";i:1;s:10:\"04-23-2026\";i:1;s:10:\"04-26-2026\";i:1;s:10:\"05-01-2026\";i:1;}"],"houzez_recently_viewed":["2026-05-01 05:32:17"]},"_links":{"self":[{"href":"https:\/\/compass.hr\/cs\/wp-json\/wp\/v2\/properties\/33900","targetHints":{"allow":["GET"]}}],"collection":[{"href":"https:\/\/compass.hr\/cs\/wp-json\/wp\/v2\/properties"}],"about":[{"href":"https:\/\/compass.hr\/cs\/wp-json\/wp\/v2\/types\/property"}],"author":[{"embeddable":true,"href":"https:\/\/compass.hr\/cs\/wp-json\/wp\/v2\/users\/3"}],"version-history":[{"count":0,"href":"https:\/\/compass.hr\/cs\/wp-json\/wp\/v2\/properties\/33900\/revisions"}],"wp:featuredmedia":[{"embeddable":true,"href":"https:\/\/compass.hr\/cs\/wp-json\/wp\/v2\/media\/33851"}],"wp:attachment":[{"href":"https:\/\/compass.hr\/cs\/wp-json\/wp\/v2\/media?parent=33900"}],"wp:term":[{"taxonomy":"property_type","embeddable":true,"href":"https:\/\/compass.hr\/cs\/wp-json\/wp\/v2\/property_type?post=33900"},{"taxonomy":"property_status","embeddable":true,"href":"https:\/\/compass.hr\/cs\/wp-json\/wp\/v2\/property_status?post=33900"},{"taxonomy":"property_feature","embeddable":true,"href":"https:\/\/compass.hr\/cs\/wp-json\/wp\/v2\/property_feature?post=33900"},{"taxonomy":"property_label","embeddable":true,"href":"https:\/\/compass.hr\/cs\/wp-json\/wp\/v2\/property_label?post=33900"},{"taxonomy":"property_state","embeddable":true,"href":"https:\/\/compass.hr\/cs\/wp-json\/wp\/v2\/property_state?post=33900"},{"taxonomy":"property_city","embeddable":true,"href":"https:\/\/compass.hr\/cs\/wp-json\/wp\/v2\/property_city?post=33900"},{"taxonomy":"property_area","embeddable":true,"href":"https:\/\/compass.hr\/cs\/wp-json\/wp\/v2\/property_area?post=33900"}],"curies":[{"name":"wp","href":"https:\/\/api.w.org\/{rel}","templated":true}]}}

Krásný, prostorný byt v centru; Split, 95,00 m2 (k pronájmu)

<p>Zprostředkováváme pronájem krásného, prostorného bytu v centru města, který se nachází v bytovém domě. Byt má rozlohu 120 m2, tlusté stěny a vysoké stropy, a skládá se ze dvou ložnic s vlastními koupelnami, třetí koupelny, obývacího pokoje, balkonu s nádherným výhledem na staré město, Marjan a zvonici sv. Dujma, prostorné kuchyně a jídelny. Každá místnost má okno, obývací část a ložnice mají každá jednu klimatizační jednotku. Byt je plně zařízený a vybavený, ideální pro práci z domova, pro jednotlivce, spolubydlící a rodiny. Nachází se v klidném prostředí, blízko všech potřebných zařízení.</p>
<p>Zavolejte nám a domluvte si prohlídku na +385 91 607 56 27 nebo na e-mail: maja@compass.hr</p>

<p>Zprostředkováváme pronájem krásného, prostorného bytu v centru města, který se nachází v bytovém domě. Byt má rozlohu 120 m2, tlusté stěny a vysoké stropy, a skládá se ze dvou ložnic s vlastními koupelnami, třetí koupelny, obývacího pokoje, balkonu s nádherným výhledem na staré město, Marjan a zvonici sv. Dujma, prostorné kuchyně a jídelny. Každá místnost [&hellip;]</p>

Radunica, Lučac, Lučac-Manuš, Split, Grad Split, 21103, Hrvatska

Jednoetažni

Potpuno namješten
