{"id":33552,"date":"2024-06-22T12:46:18","date_gmt":"2024-06-22T12:46:18","guid":{"rendered":"https:\/\/compass-realestate.hr\/property\/luksuzan-prostran-stan-dugorocno-trstenik-split-80-00-m2-iznajmljivanje\/"},"modified":"2024-06-28T14:45:07","modified_gmt":"2024-06-28T14:45:07","slug":"luksuzan-prostran-stan-dugorocno-trstenik-split-80-00-m2-iznajmljivanje","status":"publish","type":"property","link":"https:\/\/compass.hr\/cs\/property\/luksuzan-prostran-stan-dugorocno-trstenik-split-80-00-m2-iznajmljivanje\/","title":{"rendered":"Luxusn\u00ed, prostorn\u00fd byt, dlouhodob\u011b, Trstenik: Split, 80,00 m2 (pron\u00e1jem)"},"content":{"rendered":"<p>Kr\u00e1sn\u00fd byt k pron\u00e1jmu v Trsteniku s \u00fachvatn\u00fdm v\u00fdhledem na mo\u0159e! Nab\u00edz\u00edme v\u00e1m jedine\u010dnou p\u0159\u00edle\u017eitost k pron\u00e1jmu bytu v obytn\u00e9m dom\u011b na atraktivn\u00ed lokalit\u011b Trstenik. Byt m\u00e1 rozlohu 80 m\u00b2, s jedn\u00edm balkonem a francouzsk\u00fdm oknem, kter\u00e9 nab\u00edzej\u00ed kr\u00e1sn\u00fd otev\u0159en\u00fd v\u00fdhled na mo\u0159e. Interi\u00e9r je elegantn\u011b za\u0159\u00edzen v st\u0159edomo\u0159sk\u00e9m stylu, obohacen\u00fd tepl\u00fdmi barvami a pe\u010dliv\u011b vybran\u00fdmi detaily, kter\u00e9 vytv\u00e1\u0159ej\u00ed \u00fatulnou atmosf\u00e9ru. Tento kr\u00e1sn\u00fd byt zahrnuje: prostorn\u00fd ob\u00fdvac\u00ed pokoj s j\u00eddelnou a kuchyn\u00ed, dv\u011b pohodln\u00e9 lo\u017enice, dv\u011b modern\u00ed koupelny, velk\u00fd \u00falo\u017en\u00fd prostor a funk\u010dn\u00ed chodbu. Ka\u017ed\u00fd pokoj m\u00e1 svou vlastn\u00ed klimatiza\u010dn\u00ed jednotku pro chlazen\u00ed a vyt\u00e1p\u011bn\u00ed. P\u0159edstavte si rann\u00ed k\u00e1vu na balkon\u011b s v\u00fdhledem na mo\u0159e nebo relaxaci v \u00fatuln\u00e9m ob\u00fdvac\u00edm pokoji pln\u00e9m p\u0159irozen\u00e9ho sv\u011btla. Toto je v\u00e1\u0161 dokonal\u00fd domov pro klidn\u00fd a luxusn\u00ed \u017eivot. Neprop\u00e1sn\u011bte p\u0159\u00edle\u017eitost, aby se tento kr\u00e1sn\u00fd byt stal va\u0161\u00edm! Ve\u0161ker\u00e9 slu\u017eby jsou zahrnuty v cen\u011b, krom\u011b elekt\u0159iny, kter\u00e1 se plat\u00ed podle spot\u0159eby. Kontaktn\u00ed informace: Mobil: +385 91 607 56 27 Email: info@compass.hr Zavolejte n\u00e1m nebo po\u0161lete e-mail, abyste se dozv\u011bd\u011bli v\u00edce a domluvili si prohl\u00eddku.<\/p>\n","protected":false},"excerpt":{"rendered":"<p>Kr\u00e1sn\u00fd byt k pron\u00e1jmu v Trsteniku s \u00fachvatn\u00fdm v\u00fdhledem na mo\u0159e! Nab\u00edz\u00edme v\u00e1m jedine\u010dnou p\u0159\u00edle\u017eitost k pron\u00e1jmu bytu v obytn\u00e9m dom\u011b na atraktivn\u00ed lokalit\u011b Trstenik. Byt m\u00e1 rozlohu 80 m\u00b2, s jedn\u00edm balkonem a francouzsk\u00fdm oknem, kter\u00e9 nab\u00edzej\u00ed kr\u00e1sn\u00fd otev\u0159en\u00fd v\u00fdhled na mo\u0159e. Interi\u00e9r je elegantn\u011b za\u0159\u00edzen v st\u0159edomo\u0159sk\u00e9m stylu, obohacen\u00fd tepl\u00fdmi barvami a pe\u010dliv\u011b [&hellip;]<\/p>\n","protected":false},"author":3,"featured_media":33363,"parent":0,"menu_order":0,"template":"","property_type":[767],"property_status":[],"property_feature":[832,828,812,800,818,822,802,820,792,858,838,844,798,816,856],"property_label":[1176],"property_state":[874],"property_city":[907],"property_area":[1073],"class_list":["post-33552","property","type-property","status-publish","has-post-thumbnail","hentry","property_type-byt","property_feature-bezpecnostni-dvere","property_feature-interkom","property_feature-klimatizace-cs","property_feature-lednicka","property_feature-mikrovlnna-trouba","property_feature-mycka","property_feature-pocitacova-sit","property_feature-pracka","property_feature-pridavny-system-vytapeni","property_feature-samostatny-vchod-do-budovy","property_feature-sklad-kulna","property_feature-sprchovy-kout","property_feature-tv-s-plochou-obrazovkou","property_feature-vytah","property_feature-wifi-cs","property_label-pronajate","property_state-splitsko-dalmatinska-cs","property_city-split-cs","property_area-trstenik-cs"],"property_meta":{"rank_math_analytic_object_id":["990"],"_wpml_word_count":["{\"total\":158,\"to_translate\":{\"cs\":158,\"en\":158,\"de\":158,\"it\":158,\"pl\":158,\"uk\":158}}"],"rank_math_internal_links_processed":["1"],"rank_math_seo_score":["7"],"fave_show_price_placeholder":["0"],"fave_loggedintoview":["0"],"fave_agent_display_option":["author_info"],"fave_prop_homeslider":["no"],"_houzez_expiration_date_status":["saved"],"_wpml_media_duplicate":["1"],"_wpml_media_featured":["1"],"houzez_geolocation_lat":["43.5049847"],"houzez_geolocation_long":["16.4728603"],"_thumbnail_id":["33363"],"_edit_lock":["1719585770:3"],"_edit_last":["3"],"fave_property_images":["33369","33355","33383","33313","33362","33327","33334","33348","33397","33411","33404","33418","33544","33425","33432","33439","33446","33453","33481","33502","33509","33516","33530","33488","33467","33390","33341"],"cmplz_hide_cookiebanner":[""],"rank_math_primary_property_type":["0"],"rank_math_primary_property_status":["0"],"rank_math_primary_property_feature":["0"],"rank_math_primary_property_label":["0"],"rank_math_primary_property_state":["0"],"rank_math_primary_property_city":["0"],"rank_math_primary_property_area":["0"],"houzez_manual_expire":["0"],"fave_property_size":["80"],"fave_property_size_prefix":["m2"],"fave_property_bedrooms":["2","2"],"fave_property_bathrooms":["2"],"fave_property_map":["0"],"fave_property_map_address":["Trstenik, Split, Grad Split, Splitsko-dalmatinska \u017eupanija, 21114, Hrvatska"],"fave_property_location":["43.5049847,16.4728603,15"],"fave_property_map_street_view":["hide","hide"],"houzez_featured_listing_date":["2025-01-14 10:28:48","2025-01-14 10:28:48"],"fave_single_top_area":["global","global"],"fave_single_content_area":["global","global"],"fave_balkon-loc491a-terasa":["Lo\u0111a","Lo\u0111a"],"fave_kat":["8.","8."],"fave_tip-stana":["U zgradi","U zgradi"],"fave_ukupni-broj-katova":["8","8"],"fave_broj-etac5bea":["Jednoeta\u017eni","Jednoeta\u017eni"],"fave_namjec5a1tenost-i-stanje":["Potpuno namje\u0161ten","Potpuno namje\u0161ten"],"fave_orijentacija":["Jug","Jug","Sjever","Sjever"],"fave_parking":["Javni","Javni"],"fave_rec5beije":["Uklju\u010deno u cijenu","Uklju\u010deno u cijenu"],"_last_translation_edit_mode":["native-editor","native-editor"],"houzez_total_property_views":["217"],"houzez_views_by_date":["a:61:{s:10:\"10-06-2025\";i:1;s:10:\"10-11-2025\";i:1;s:10:\"10-12-2025\";i:1;s:10:\"10-13-2025\";i:1;s:10:\"10-15-2025\";i:1;s:10:\"10-18-2025\";i:1;s:10:\"11-01-2025\";i:1;s:10:\"11-09-2025\";i:1;s:10:\"11-10-2025\";i:1;s:10:\"11-11-2025\";i:1;s:10:\"11-13-2025\";i:1;s:10:\"11-15-2025\";i:1;s:10:\"11-20-2025\";i:2;s:10:\"11-26-2025\";i:2;s:10:\"12-03-2025\";i:2;s:10:\"12-04-2025\";i:1;s:10:\"12-09-2025\";i:1;s:10:\"12-10-2025\";i:1;s:10:\"12-11-2025\";i:1;s:10:\"12-16-2025\";i:1;s:10:\"12-20-2025\";i:1;s:10:\"12-22-2025\";i:1;s:10:\"12-26-2025\";i:1;s:10:\"12-27-2025\";i:1;s:10:\"12-29-2025\";i:1;s:10:\"01-02-2026\";i:1;s:10:\"01-06-2026\";i:1;s:10:\"01-08-2026\";i:1;s:10:\"01-14-2026\";i:1;s:10:\"01-17-2026\";i:1;s:10:\"01-18-2026\";i:1;s:10:\"01-19-2026\";i:1;s:10:\"01-20-2026\";i:1;s:10:\"01-25-2026\";i:1;s:10:\"01-26-2026\";i:1;s:10:\"01-30-2026\";i:1;s:10:\"01-31-2026\";i:1;s:10:\"02-03-2026\";i:1;s:10:\"02-05-2026\";i:1;s:10:\"02-07-2026\";i:1;s:10:\"02-09-2026\";i:1;s:10:\"02-12-2026\";i:1;s:10:\"02-14-2026\";i:1;s:10:\"02-20-2026\";i:1;s:10:\"02-28-2026\";i:1;s:10:\"03-04-2026\";i:1;s:10:\"03-08-2026\";i:1;s:10:\"03-10-2026\";i:1;s:10:\"03-16-2026\";i:1;s:10:\"03-19-2026\";i:1;s:10:\"03-20-2026\";i:1;s:10:\"03-22-2026\";i:1;s:10:\"03-28-2026\";i:1;s:10:\"04-03-2026\";i:1;s:10:\"04-09-2026\";i:1;s:10:\"04-10-2026\";i:1;s:10:\"04-16-2026\";i:1;s:10:\"04-19-2026\";i:1;s:10:\"04-21-2026\";i:1;s:10:\"04-23-2026\";i:1;s:10:\"04-30-2026\";i:1;}"],"houzez_recently_viewed":["2026-04-30 02:40:20"],"fave_dostupno-od":["05.07.2024."],"fave_property_price":["1300 EUR"],"fave_agencijska-provizija":["1000 EUR"],"fave_featured":["1"]},"_links":{"self":[{"href":"https:\/\/compass.hr\/cs\/wp-json\/wp\/v2\/properties\/33552","targetHints":{"allow":["GET"]}}],"collection":[{"href":"https:\/\/compass.hr\/cs\/wp-json\/wp\/v2\/properties"}],"about":[{"href":"https:\/\/compass.hr\/cs\/wp-json\/wp\/v2\/types\/property"}],"author":[{"embeddable":true,"href":"https:\/\/compass.hr\/cs\/wp-json\/wp\/v2\/users\/3"}],"version-history":[{"count":0,"href":"https:\/\/compass.hr\/cs\/wp-json\/wp\/v2\/properties\/33552\/revisions"}],"wp:featuredmedia":[{"embeddable":true,"href":"https:\/\/compass.hr\/cs\/wp-json\/wp\/v2\/media\/33363"}],"wp:attachment":[{"href":"https:\/\/compass.hr\/cs\/wp-json\/wp\/v2\/media?parent=33552"}],"wp:term":[{"taxonomy":"property_type","embeddable":true,"href":"https:\/\/compass.hr\/cs\/wp-json\/wp\/v2\/property_type?post=33552"},{"taxonomy":"property_status","embeddable":true,"href":"https:\/\/compass.hr\/cs\/wp-json\/wp\/v2\/property_status?post=33552"},{"taxonomy":"property_feature","embeddable":true,"href":"https:\/\/compass.hr\/cs\/wp-json\/wp\/v2\/property_feature?post=33552"},{"taxonomy":"property_label","embeddable":true,"href":"https:\/\/compass.hr\/cs\/wp-json\/wp\/v2\/property_label?post=33552"},{"taxonomy":"property_state","embeddable":true,"href":"https:\/\/compass.hr\/cs\/wp-json\/wp\/v2\/property_state?post=33552"},{"taxonomy":"property_city","embeddable":true,"href":"https:\/\/compass.hr\/cs\/wp-json\/wp\/v2\/property_city?post=33552"},{"taxonomy":"property_area","embeddable":true,"href":"https:\/\/compass.hr\/cs\/wp-json\/wp\/v2\/property_area?post=33552"}],"curies":[{"name":"wp","href":"https:\/\/api.w.org\/{rel}","templated":true}]}}

Luxusní, prostorný byt, dlouhodobě, Trstenik: Split, 80,00 m2 (pronájem)

<p>Krásný byt k pronájmu v Trsteniku s úchvatným výhledem na moře! Nabízíme vám jedinečnou příležitost k pronájmu bytu v obytném domě na atraktivní lokalitě Trstenik. Byt má rozlohu 80 m², s jedním balkonem a francouzským oknem, které nabízejí krásný otevřený výhled na moře. Interiér je elegantně zařízen v středomořském stylu, obohacený teplými barvami a pečlivě vybranými detaily, které vytvářejí útulnou atmosféru. Tento krásný byt zahrnuje: prostorný obývací pokoj s jídelnou a kuchyní, dvě pohodlné ložnice, dvě moderní koupelny, velký úložný prostor a funkční chodbu. Každý pokoj má svou vlastní klimatizační jednotku pro chlazení a vytápění. Představte si ranní kávu na balkoně s výhledem na moře nebo relaxaci v útulném obývacím pokoji plném přirozeného světla. Toto je váš dokonalý domov pro klidný a luxusní život. Nepropásněte příležitost, aby se tento krásný byt stal vaším! Veškeré služby jsou zahrnuty v ceně, kromě elektřiny, která se platí podle spotřeby. Kontaktní informace: Mobil: +385 91 607 56 27 Email: info@compass.hr Zavolejte nám nebo pošlete e-mail, abyste se dozvěděli více a domluvili si prohlídku.</p>

<p>Krásný byt k pronájmu v Trsteniku s úchvatným výhledem na moře! Nabízíme vám jedinečnou příležitost k pronájmu bytu v obytném domě na atraktivní lokalitě Trstenik. Byt má rozlohu 80 m², s jedním balkonem a francouzským oknem, které nabízejí krásný otevřený výhled na moře. Interiér je elegantně zařízen v středomořském stylu, obohacený teplými barvami a pečlivě [&hellip;]</p>

Trstenik, Split, Grad Split, Splitsko-dalmatinska županija, 21114, Hrvatska

Lođa

Jednoetažni

Potpuno namješten

Uključeno u cijenu
